{"id":10082,"date":"2023-01-24T13:06:35","date_gmt":"2023-01-24T12:06:35","guid":{"rendered":"https:\/\/heimatverein-wulfen.de\/wp01\/?page_id=10082"},"modified":"2023-01-24T13:48:05","modified_gmt":"2023-01-24T12:48:05","slug":"brot-tied","status":"publish","type":"page","link":"https:\/\/heimatverein-wulfen.de\/wp01\/brot-tied\/","title":{"rendered":"Brot-Tied"},"content":{"rendered":"\n<h2 class=\"wp-block-heading\">&#8211; Brotbackgruppe als neuste Gruppe gegr\u00fcndet<\/h2>\n\n\n<div class=\"wp-block-image\">\n<figure class=\"aligncenter size-large\"><a href=\"https:\/\/heimatverein-wulfen.de\/wp01\/wp-content\/uploads\/2023\/01\/HVW_Brottied_2023_001.jpg\" rel=\"lightbox[10082]\"><img loading=\"lazy\" decoding=\"async\" width=\"1024\" height=\"681\" src=\"https:\/\/heimatverein-wulfen.de\/wp01\/wp-content\/uploads\/2023\/01\/HVW_Brottied_2023_001-1024x681.jpg\" alt=\"\" class=\"wp-image-10083\" srcset=\"https:\/\/heimatverein-wulfen.de\/wp01\/wp-content\/uploads\/2023\/01\/HVW_Brottied_2023_001-1024x681.jpg 1024w, https:\/\/heimatverein-wulfen.de\/wp01\/wp-content\/uploads\/2023\/01\/HVW_Brottied_2023_001-300x199.jpg 300w, https:\/\/heimatverein-wulfen.de\/wp01\/wp-content\/uploads\/2023\/01\/HVW_Brottied_2023_001-768x511.jpg 768w, https:\/\/heimatverein-wulfen.de\/wp01\/wp-content\/uploads\/2023\/01\/HVW_Brottied_2023_001-570x380.jpg 570w, https:\/\/heimatverein-wulfen.de\/wp01\/wp-content\/uploads\/2023\/01\/HVW_Brottied_2023_001-380x254.jpg 380w, https:\/\/heimatverein-wulfen.de\/wp01\/wp-content\/uploads\/2023\/01\/HVW_Brottied_2023_001-285x190.jpg 285w, https:\/\/heimatverein-wulfen.de\/wp01\/wp-content\/uploads\/2023\/01\/HVW_Brottied_2023_001.jpg 1053w\" sizes=\"auto, (max-width: 1024px) 100vw, 1024px\" \/><\/a><figcaption>Frauen der Brotbackgruppe &#8222;Brot-Tied&#8220; eingerahmt von den beiden Vorsitzenden Johannes Kr\u00fcmpel (li) und Elli Vadder (re)<\/figcaption><\/figure>\n<\/div>\n\n\n<p class=\"has-medium-font-size\">Als neueste und mittlerweile neunzehnte Gruppe, hat sich im Heimatverein Wulfen die Gruppe \u201eBrot-Tied\u201c\u0093 gegr\u00fcndet.<br>Dieser Begriff ist plattdeutsch und steht f\u00fcr die Brotbackgruppe. Neben der Gruppensprecherin Britta Arentz hat sich eine rund zehn Personen, bisher ausschlie\u00dflich weiblich, starke Truppe innerhalb des Vereins gebildet, die sich mit diesem alten Handwerksthema befasst.<\/p>\n\n\n\n<p class=\"has-medium-font-size\">Die erste Idee kam mir bereits im Jahre 2012. Ich wunderte mich beim damaligen Flachsmarkt, dass ich kein selbstgebackenes Brot auf der Veranstaltung bekam, berichtet Britta Arentz.<br>Und weiter: Im Laufe der Jahre reifte die Idee weiter. W\u00e4hrend der Coronazeit haben sich die Nachbarinnen Ines Sch\u00f6rner und Alexandra Schulze-Tenberge noch einmal Gedanken dazu gemacht und die Idee neu aufgegriffen. Wir haben dann gemeinsam mit dem Vorstand des Vereins gesprochen und zun\u00e4chst eine WhatsApp-Gruppe gegr\u00fcndet. Im letzten August haben wir uns dann in kleiner Runde mit Theo B\u00fcser vom Deutener Nachbarverein getroffen und in deren Backhaus an der T\u00fcshaus M\u00fchle unter seiner Anleitung Brot gebacken. Dies hat uns dann \u00fcberzeugt selbst eine Gruppe zu gr\u00fcnden.<\/p>\n\n\n\n<p class=\"has-medium-font-size\">Bei der Gr\u00fcndung wurde zusammen mit dem Vorstand schon mal probeweise \u00fcber dem offenen Feuer Stockbrot gebacken. Dabei wurden direkt zwei unterschiedliche Teige ausprobiert.<br>Weitere Aktionen und Backaktionen in den Nachbarvereinen, die bereits eine solche Gruppe haben, sind nun geplant.<\/p>\n\n\n\n<p class=\"has-medium-font-size\">Der Vorstand des Heimatvereins freut sich \u00fcber die neu gegr\u00fcndete Gruppe. Unser Verein bietet eine Vielzahl an interessanten Gruppen, die sich in regelm\u00e4\u00dfigen Abst\u00e4nden treffen und gemeinsam an tollen Projekten arbeiten.<br>Wir freuen uns insbesondere \u00fcber das Interesse von j\u00fcngeren Generationen an unserem Verein. Es ist toll, dass sich bei uns Jung und Alt gemeinsam im Vereinsleben engagieren. So bleibt der Verein im Dorfleben eine wichtige Gr\u00f6\u00dfe, erkl\u00e4rt Elli Vadder, die zweite Vorsitzende.<\/p>\n","protected":false},"excerpt":{"rendered":"<p>&#8211; Brotbackgruppe als neuste Gruppe gegr\u00fcndet Als neueste und mittlerweile neunzehnte Gruppe, hat sich im Heimatverein Wulfen die Gruppe \u201eBrot-Tied\u201c\u0093 gegr\u00fcndet.Dieser Begriff ist plattdeutsch und steht f\u00fcr die Brotbackgruppe. Neben<\/p>\n<p><a href=\"https:\/\/heimatverein-wulfen.de\/wp01\/brot-tied\/\" class=\"more-link themebutton\">Read More<\/a><\/p>\n","protected":false},"author":6,"featured_media":0,"parent":0,"menu_order":0,"comment_status":"closed","ping_status":"closed","template":"","meta":{"_cbd_carousel_blocks":"[]","footnotes":""},"class_list":["post-10082","page","type-page","status-publish","hentry"],"publishpress_future_action":{"enabled":false,"date":"2026-05-10 13:25:20","action":"change-status","newStatus":"draft","terms":[],"taxonomy":"","extraData":[]},"publishpress_future_workflow_manual_trigger":{"enabledWorkflows":[]},"_links":{"self":[{"href":"https:\/\/heimatverein-wulfen.de\/wp01\/wp-json\/wp\/v2\/pages\/10082","targetHints":{"allow":["GET"]}}],"collection":[{"href":"https:\/\/heimatverein-wulfen.de\/wp01\/wp-json\/wp\/v2\/pages"}],"about":[{"href":"https:\/\/heimatverein-wulfen.de\/wp01\/wp-json\/wp\/v2\/types\/page"}],"author":[{"embeddable":true,"href":"https:\/\/heimatverein-wulfen.de\/wp01\/wp-json\/wp\/v2\/users\/6"}],"replies":[{"embeddable":true,"href":"https:\/\/heimatverein-wulfen.de\/wp01\/wp-json\/wp\/v2\/comments?post=10082"}],"version-history":[{"count":4,"href":"https:\/\/heimatverein-wulfen.de\/wp01\/wp-json\/wp\/v2\/pages\/10082\/revisions"}],"predecessor-version":[{"id":10089,"href":"https:\/\/heimatverein-wulfen.de\/wp01\/wp-json\/wp\/v2\/pages\/10082\/revisions\/10089"}],"wp:attachment":[{"href":"https:\/\/heimatverein-wulfen.de\/wp01\/wp-json\/wp\/v2\/media?parent=10082"}],"curies":[{"name":"wp","href":"https:\/\/api.w.org\/{rel}","templated":true}]}}

<h2 class="wp-block-heading">&#8211; Brotbackgruppe als neuste Gruppe gegründet</h2>


<div class="wp-block-image">
<figure class="aligncenter size-large"><a href="https://heimatverein-wulfen.de/wp01/wp-content/uploads/2023/01/HVW_Brottied_2023_001.jpg" rel="lightbox[10082]"><img loading="lazy" decoding="async" width="1024" height="681" src="https://heimatverein-wulfen.de/wp01/wp-content/uploads/2023/01/HVW_Brottied_2023_001-1024x681.jpg" alt="" class="wp-image-10083" srcset="https://heimatverein-wulfen.de/wp01/wp-content/uploads/2023/01/HVW_Brottied_2023_001-1024x681.jpg 1024w, https://heimatverein-wulfen.de/wp01/wp-content/uploads/2023/01/HVW_Brottied_2023_001-300x199.jpg 300w, https://heimatverein-wulfen.de/wp01/wp-content/uploads/2023/01/HVW_Brottied_2023_001-768x511.jpg 768w, https://heimatverein-wulfen.de/wp01/wp-content/uploads/2023/01/HVW_Brottied_2023_001-570x380.jpg 570w, https://heimatverein-wulfen.de/wp01/wp-content/uploads/2023/01/HVW_Brottied_2023_001-380x254.jpg 380w, https://heimatverein-wulfen.de/wp01/wp-content/uploads/2023/01/HVW_Brottied_2023_001-285x190.jpg 285w, https://heimatverein-wulfen.de/wp01/wp-content/uploads/2023/01/HVW_Brottied_2023_001.jpg 1053w" sizes="auto, (max-width: 1024px) 100vw, 1024px" /></a><figcaption>Frauen der Brotbackgruppe &#8222;Brot-Tied&#8220; eingerahmt von den beiden Vorsitzenden Johannes Krümpel (li) und Elli Vadder (re)</figcaption></figure>
</div>


<p class="has-medium-font-size">Als neueste und mittlerweile neunzehnte Gruppe, hat sich im Heimatverein Wulfen die Gruppe „Brot-Tied“ gegründet.<br>Dieser Begriff ist plattdeutsch und steht für die Brotbackgruppe. Neben der Gruppensprecherin Britta Arentz hat sich eine rund zehn Personen, bisher ausschließlich weiblich, starke Truppe innerhalb des Vereins gebildet, die sich mit diesem alten Handwerksthema befasst.</p>



<p class="has-medium-font-size">Die erste Idee kam mir bereits im Jahre 2012. Ich wunderte mich beim damaligen Flachsmarkt, dass ich kein selbstgebackenes Brot auf der Veranstaltung bekam, berichtet Britta Arentz.<br>Und weiter: Im Laufe der Jahre reifte die Idee weiter. Während der Coronazeit haben sich die Nachbarinnen Ines Schörner und Alexandra Schulze-Tenberge noch einmal Gedanken dazu gemacht und die Idee neu aufgegriffen. Wir haben dann gemeinsam mit dem Vorstand des Vereins gesprochen und zunächst eine WhatsApp-Gruppe gegründet. Im letzten August haben wir uns dann in kleiner Runde mit Theo Büser vom Deutener Nachbarverein getroffen und in deren Backhaus an der Tüshaus Mühle unter seiner Anleitung Brot gebacken. Dies hat uns dann überzeugt selbst eine Gruppe zu gründen.</p>



<p class="has-medium-font-size">Bei der Gründung wurde zusammen mit dem Vorstand schon mal probeweise über dem offenen Feuer Stockbrot gebacken. Dabei wurden direkt zwei unterschiedliche Teige ausprobiert.<br>Weitere Aktionen und Backaktionen in den Nachbarvereinen, die bereits eine solche Gruppe haben, sind nun geplant.</p>



<p class="has-medium-font-size">Der Vorstand des Heimatvereins freut sich über die neu gegründete Gruppe. Unser Verein bietet eine Vielzahl an interessanten Gruppen, die sich in regelmäßigen Abständen treffen und gemeinsam an tollen Projekten arbeiten.<br>Wir freuen uns insbesondere über das Interesse von jüngeren Generationen an unserem Verein. Es ist toll, dass sich bei uns Jung und Alt gemeinsam im Vereinsleben engagieren. So bleibt der Verein im Dorfleben eine wichtige Größe, erklärt Elli Vadder, die zweite Vorsitzende.</p>

<p>&#8211; Brotbackgruppe als neuste Gruppe gegründet Als neueste und mittlerweile neunzehnte Gruppe, hat sich im Heimatverein Wulfen die Gruppe „Brot-Tied“ gegründet.Dieser Begriff ist plattdeutsch und steht für die Brotbackgruppe. Neben</p>
<p><a href="https://heimatverein-wulfen.de/wp01/brot-tied/" class="more-link themebutton">Read More</a></p>
