{"id":2210,"date":"2016-12-28T10:28:01","date_gmt":"2016-12-28T09:28:01","guid":{"rendered":"https:\/\/heimatverein-wulfen.de\/wp01\/?page_id=2210"},"modified":"2017-01-11T21:36:08","modified_gmt":"2017-01-11T20:36:08","slug":"rezepte","status":"publish","type":"page","link":"https:\/\/heimatverein-wulfen.de\/wp01\/gruppen\/lekkerbeck\/rezepte\/","title":{"rendered":"Rezepte"},"content":{"rendered":"<p>Die Rezepte der Kochgruppe werden hier ver\u00f6ffentlicht. Es sind grunds\u00e4tzlich 2 Mengenangaben je Rezept vorhanden.&nbsp;<\/p>\n<ul>\n<li>Rezept f\u00fcr normale Haushaltsmengen (4 Personen)<\/li>\n<li>Rezept f\u00fcr gro\u00dfe Mengen, diese sind jeweils angegeben<\/li>\n<\/ul>\n<p>Wir w\u00fcnschen viel Spa\u00df beim Nachkochen.<\/p>\n<p>Die Lekkerbeck&#8217;s<\/p>\n<p><a href=\"https:\/\/heimatverein-wulfen.de\/wp01\/erbsensuppe\/\">Erbsensuppe<\/a><\/p>\n<p><a href=\"https:\/\/heimatverein-wulfen.de\/wp01\/2436-2\/\">Kesselgulasch<\/a><\/p>\n","protected":false},"excerpt":{"rendered":"<p>Die Rezepte der Kochgruppe werden hier ver\u00f6ffentlicht. Es sind grunds\u00e4tzlich 2 Mengenangaben je Rezept vorhanden.&nbsp; Rezept f\u00fcr normale Haushaltsmengen (4 Personen) Rezept f\u00fcr gro\u00dfe Mengen, diese sind jeweils angegeben Wir<\/p>\n<p><a href=\"https:\/\/heimatverein-wulfen.de\/wp01\/gruppen\/lekkerbeck\/rezepte\/\" class=\"more-link themebutton\">Read More<\/a><\/p>\n","protected":false},"author":4,"featured_media":0,"parent":371,"menu_order":0,"comment_status":"closed","ping_status":"closed","template":"","meta":{"_cbd_carousel_blocks":"[]","footnotes":""},"class_list":["post-2210","page","type-page","status-publish","hentry"],"publishpress_future_action":{"enabled":false,"date":"2026-05-07 13:54:45","action":"change-status","newStatus":"draft","terms":[],"taxonomy":"","extraData":[]},"publishpress_future_workflow_manual_trigger":{"enabledWorkflows":[]},"_links":{"self":[{"href":"https:\/\/heimatverein-wulfen.de\/wp01\/wp-json\/wp\/v2\/pages\/2210","targetHints":{"allow":["GET"]}}],"collection":[{"href":"https:\/\/heimatverein-wulfen.de\/wp01\/wp-json\/wp\/v2\/pages"}],"about":[{"href":"https:\/\/heimatverein-wulfen.de\/wp01\/wp-json\/wp\/v2\/types\/page"}],"author":[{"embeddable":true,"href":"https:\/\/heimatverein-wulfen.de\/wp01\/wp-json\/wp\/v2\/users\/4"}],"replies":[{"embeddable":true,"href":"https:\/\/heimatverein-wulfen.de\/wp01\/wp-json\/wp\/v2\/comments?post=2210"}],"version-history":[{"count":5,"href":"https:\/\/heimatverein-wulfen.de\/wp01\/wp-json\/wp\/v2\/pages\/2210\/revisions"}],"predecessor-version":[{"id":2444,"href":"https:\/\/heimatverein-wulfen.de\/wp01\/wp-json\/wp\/v2\/pages\/2210\/revisions\/2444"}],"up":[{"embeddable":true,"href":"https:\/\/heimatverein-wulfen.de\/wp01\/wp-json\/wp\/v2\/pages\/371"}],"wp:attachment":[{"href":"https:\/\/heimatverein-wulfen.de\/wp01\/wp-json\/wp\/v2\/media?parent=2210"}],"curies":[{"name":"wp","href":"https:\/\/api.w.org\/{rel}","templated":true}]}}