{"id":2415,"date":"2017-01-11T17:22:38","date_gmt":"2017-01-11T16:22:38","guid":{"rendered":"https:\/\/heimatverein-wulfen.de\/wp01\/?page_id=2415"},"modified":"2020-12-17T00:20:45","modified_gmt":"2020-12-16T23:20:45","slug":"nachbarschaft-kolping","status":"publish","type":"page","link":"https:\/\/heimatverein-wulfen.de\/wp01\/wulfen\/nachbarschaften\/nachbarschaft-kolping\/","title":{"rendered":"Kolping"},"content":{"rendered":"\n<h2 class=\"wp-block-heading\">Nachbarschaft Kolping feierte Geburtstag<\/h2>\n\n\n\n<div class=\"wp-block-image\"><figure class=\"alignleft is-resized\"><a href=\"https:\/\/heimatverein-wulfen.de\/wp01\/wp-content\/uploads\/2017\/01\/Nachbarschaft_Kolping-e1484173697223.jpg\" rel=\"lightbox[2415]\"><img loading=\"lazy\" decoding=\"async\" src=\"https:\/\/heimatverein-wulfen.de\/wp01\/wp-content\/uploads\/2017\/01\/Nachbarschaft_Kolping-1024x680.jpg\" alt=\"\" class=\"wp-image-2418\" width=\"512\" height=\"340\"\/><\/a><\/figure><\/div>\n\n\n\n<p class=\"has-medium-font-size\">Die Wulfener Nachbarschaft Kolping besteht im Jahre 2016 seit 50 Jahren. Dieses Jubil\u00e4um haben die Nachbarn zum Anlass genommen, 2016 zum Festjahr zu erkl\u00e4ren, und einige gemeinsame Aktionen auf die Beine zu stellen.<\/p>\n\n\n\n<p class=\"has-medium-font-size\">Los ging es schon im Januar 2016 mit einem Wintergrillen im Garten des ersten Vorsitzenden Norbert Maag, im Juni 2016 ging es auf eine Planwagenfahrt mit zwei Traktoren und im September 2016 wurde ein z\u00fcnftiges Oktoberfest mit einer Bauernolympiade gefeiert. Zum Abschluss des Festjahres gab es am Sonntag dem 04.12.2016 nun noch ein gem\u00fctliches Adventskaffeetrinken im Heimathaus Wulfen.<\/p>\n\n\n\n<p class=\"has-medium-font-size\">Dort gab es einen R\u00fcckblick \u00fcber die letzten 50 Jahre und so manche alte Geschichte aus dieser Zeit wurde noch einmal herausgeholt. Auch der Nikolaus besuchte das Fest und gab ein Gedicht zum Besten. Im Jahr 1966 gingen August K\u00fcpers und Aloys Schonebeck in Wulfen auf der \u201eKolpingstra\u00dfe\u201c von Haus zu Haus und luden alle Bewohner der Stra\u00dfe sowie einige Anwohner der Stra\u00dfe \u201eGro\u00dfer Ring\u201c ein, um einen Nachbarschaftsverein zu gr\u00fcnden. Am 9. November 1966 war es dann soweit und die \u201eNachbarschaft Kolping\u201c wurde aus der Taufe gehoben.<\/p>\n\n\n\n<p class=\"has-medium-font-size\">Viel hat sich in den letzten 50 Jahren ge\u00e4ndert, so wurde die Kolpingstra\u00dfe bei der Gemeindereform in Wibbeltring umbenannt. Die Nachbarschaft war aber in der ganzen Zeit eine konstante Gr\u00f6\u00dfe und hat deswegen bisher auch noch nicht ihren Namen ge\u00e4ndert. Die Nachbarschaft, in der schon die dritte Generation der Bewohner des Wibbeltrings Mitglieder wohnt, besteht derzeit aus 25 Haushalten mit insgesamt 55 Personen. Das j\u00fcngste Mitglied ist acht, das \u00e4lteste 91 Jahre alt. Das spiegelt aber auch das Motto der Nachbarschaft wieder: \u201eJung und Alt \u2013 Zusammenhalt!\u201c<br>Text: Guido Bludau<\/p>\n","protected":false},"excerpt":{"rendered":"<p>Nachbarschaft Kolping feierte Geburtstag Die Wulfener Nachbarschaft Kolping besteht im Jahre 2016 seit 50 Jahren. Dieses Jubil\u00e4um haben die Nachbarn zum Anlass genommen, 2016 zum Festjahr zu erkl\u00e4ren, und einige<\/p>\n<p><a href=\"https:\/\/heimatverein-wulfen.de\/wp01\/wulfen\/nachbarschaften\/nachbarschaft-kolping\/\" class=\"more-link themebutton\">Read More<\/a><\/p>\n","protected":false},"author":6,"featured_media":0,"parent":2399,"menu_order":0,"comment_status":"closed","ping_status":"closed","template":"","meta":{"_cbd_carousel_blocks":"[]","footnotes":""},"class_list":["post-2415","page","type-page","status-publish","hentry"],"publishpress_future_action":{"enabled":false,"date":"2026-05-05 14:16:43","action":"change-status","newStatus":"draft","terms":[],"taxonomy":"","extraData":[]},"publishpress_future_workflow_manual_trigger":{"enabledWorkflows":[]},"_links":{"self":[{"href":"https:\/\/heimatverein-wulfen.de\/wp01\/wp-json\/wp\/v2\/pages\/2415","targetHints":{"allow":["GET"]}}],"collection":[{"href":"https:\/\/heimatverein-wulfen.de\/wp01\/wp-json\/wp\/v2\/pages"}],"about":[{"href":"https:\/\/heimatverein-wulfen.de\/wp01\/wp-json\/wp\/v2\/types\/page"}],"author":[{"embeddable":true,"href":"https:\/\/heimatverein-wulfen.de\/wp01\/wp-json\/wp\/v2\/users\/6"}],"replies":[{"embeddable":true,"href":"https:\/\/heimatverein-wulfen.de\/wp01\/wp-json\/wp\/v2\/comments?post=2415"}],"version-history":[{"count":9,"href":"https:\/\/heimatverein-wulfen.de\/wp01\/wp-json\/wp\/v2\/pages\/2415\/revisions"}],"predecessor-version":[{"id":7943,"href":"https:\/\/heimatverein-wulfen.de\/wp01\/wp-json\/wp\/v2\/pages\/2415\/revisions\/7943"}],"up":[{"embeddable":true,"href":"https:\/\/heimatverein-wulfen.de\/wp01\/wp-json\/wp\/v2\/pages\/2399"}],"wp:attachment":[{"href":"https:\/\/heimatverein-wulfen.de\/wp01\/wp-json\/wp\/v2\/media?parent=2415"}],"curies":[{"name":"wp","href":"https:\/\/api.w.org\/{rel}","templated":true}]}}