{"id":2573,"date":"2017-01-17T00:12:59","date_gmt":"2017-01-16T23:12:59","guid":{"rendered":"https:\/\/heimatverein-wulfen.de\/wp01\/?page_id=2573"},"modified":"2020-12-15T23:33:07","modified_gmt":"2020-12-15T22:33:07","slug":"nachbarschaft-eckern","status":"publish","type":"page","link":"https:\/\/heimatverein-wulfen.de\/wp01\/nachbarschaft-eckern\/","title":{"rendered":"Eckern"},"content":{"rendered":"\n<p class=\"has-medium-font-size\">Aus den Familien Buer, Reck, Rickert, Schaefer, Sch\u00fcrholz und Winkelmann versammeln sich am 9. Januar 1954 interessierte Mitb\u00fcrger zur Gr\u00fcndung der Nachbarschaft Eckern.<\/p>\n\n\n\n<p class=\"has-medium-font-size\">Die Grundst\u00fccke der ersten Bauwilligen im Bereich Eckern\/Markeneck gleichen Anfang 1949 eher einer Mondlandschaft als einem Baugebiet. Im Zweiten Weltkrieg haben hier Flakgesch\u00fctze die nahegelegene Muna und einen Teil des n\u00f6rdlichen Ruhrgebietes vor feindlichen Flugangriffen gesch\u00fctzt. Erdw\u00e4lle von fast vier Metern H\u00f6he werden ohne Bagger, nur mit Hacke und Schaufel, begradigt, die meterdicken und tonnenschweren Betonfundamente der Gesch\u00fctze mit dem Hammer zerschlagen. Dennoch sind bereits 1950 die ersten H\u00e4user bezugsfertig, auch wenn auf elektrisches Licht noch drei Jahre gewartet werden muss.<\/p>\n\n\n\n<p class=\"has-medium-font-size\">Die Nachbarschaft Eckern wird zu Beginn von einem \u00c4ltesten und einem Beisitzer gef\u00fchrt. Franz Rickert und Paul Schaefer \u00fcbernehmen diese \u00c4mter. Seit 1995 ist das F\u00fchrungsteam mit Gabi Maler, Margret Kruschinski, Klaus Wanning und Helmut Richter f\u00fcr die Geschicke der Nachbarschaft mit ihren 35 Familien mitverantwortlich.<\/p>\n\n\n\n<p class=\"has-medium-font-size\">Bei gr\u00fcner, silberner und goldener Hochzeit treffen sich die Nachbarn zum Kranzbinden und Feiern, aber auch in Krankheits- und Todesf\u00e4llen wird nachbarschaftliche Verbundenheit praktisch gelebt beim gemeinsamen Gebet und der Begleitung auf dem letzten Weg. Das allj\u00e4hrliche Sommerfest hat bereits Tradition und die Gemeinschaft von Alt und Jung ist an diesem Tag besonders sichtbar. Mit einem Gottesdienst in der Matth\u00e4uskirche und anschlie\u00dfendem gem\u00fctlichen Beisammensein wird Anfang Januar 2004 der 50-j\u00e4hrige nachbarschaftliche Zusammenhalt gefeiert.<\/p>\n","protected":false},"excerpt":{"rendered":"<p>Aus den Familien Buer, Reck, Rickert, Schaefer, Sch\u00fcrholz und Winkelmann versammeln sich am 9. Januar 1954 interessierte Mitb\u00fcrger zur Gr\u00fcndung der Nachbarschaft Eckern. Die Grundst\u00fccke der ersten Bauwilligen im Bereich<\/p>\n<p><a href=\"https:\/\/heimatverein-wulfen.de\/wp01\/nachbarschaft-eckern\/\" class=\"more-link themebutton\">Read More<\/a><\/p>\n","protected":false},"author":6,"featured_media":0,"parent":0,"menu_order":0,"comment_status":"closed","ping_status":"closed","template":"","meta":{"_cbd_carousel_blocks":"[]","footnotes":""},"class_list":["post-2573","page","type-page","status-publish","hentry"],"publishpress_future_action":{"enabled":false,"date":"2026-05-05 13:57:25","action":"change-status","newStatus":"draft","terms":[],"taxonomy":"","extraData":[]},"publishpress_future_workflow_manual_trigger":{"enabledWorkflows":[]},"_links":{"self":[{"href":"https:\/\/heimatverein-wulfen.de\/wp01\/wp-json\/wp\/v2\/pages\/2573","targetHints":{"allow":["GET"]}}],"collection":[{"href":"https:\/\/heimatverein-wulfen.de\/wp01\/wp-json\/wp\/v2\/pages"}],"about":[{"href":"https:\/\/heimatverein-wulfen.de\/wp01\/wp-json\/wp\/v2\/types\/page"}],"author":[{"embeddable":true,"href":"https:\/\/heimatverein-wulfen.de\/wp01\/wp-json\/wp\/v2\/users\/6"}],"replies":[{"embeddable":true,"href":"https:\/\/heimatverein-wulfen.de\/wp01\/wp-json\/wp\/v2\/comments?post=2573"}],"version-history":[{"count":3,"href":"https:\/\/heimatverein-wulfen.de\/wp01\/wp-json\/wp\/v2\/pages\/2573\/revisions"}],"predecessor-version":[{"id":7934,"href":"https:\/\/heimatverein-wulfen.de\/wp01\/wp-json\/wp\/v2\/pages\/2573\/revisions\/7934"}],"wp:attachment":[{"href":"https:\/\/heimatverein-wulfen.de\/wp01\/wp-json\/wp\/v2\/media?parent=2573"}],"curies":[{"name":"wp","href":"https:\/\/api.w.org\/{rel}","templated":true}]}}

<p class="has-medium-font-size">Aus den Familien Buer, Reck, Rickert, Schaefer, Schürholz und Winkelmann versammeln sich am 9. Januar 1954 interessierte Mitbürger zur Gründung der Nachbarschaft Eckern.</p>



<p class="has-medium-font-size">Die Grundstücke der ersten Bauwilligen im Bereich Eckern/Markeneck gleichen Anfang 1949 eher einer Mondlandschaft als einem Baugebiet. Im Zweiten Weltkrieg haben hier Flakgeschütze die nahegelegene Muna und einen Teil des nördlichen Ruhrgebietes vor feindlichen Flugangriffen geschützt. Erdwälle von fast vier Metern Höhe werden ohne Bagger, nur mit Hacke und Schaufel, begradigt, die meterdicken und tonnenschweren Betonfundamente der Geschütze mit dem Hammer zerschlagen. Dennoch sind bereits 1950 die ersten Häuser bezugsfertig, auch wenn auf elektrisches Licht noch drei Jahre gewartet werden muss.</p>



<p class="has-medium-font-size">Die Nachbarschaft Eckern wird zu Beginn von einem Ältesten und einem Beisitzer geführt. Franz Rickert und Paul Schaefer übernehmen diese Ämter. Seit 1995 ist das Führungsteam mit Gabi Maler, Margret Kruschinski, Klaus Wanning und Helmut Richter für die Geschicke der Nachbarschaft mit ihren 35 Familien mitverantwortlich.</p>



<p class="has-medium-font-size">Bei grüner, silberner und goldener Hochzeit treffen sich die Nachbarn zum Kranzbinden und Feiern, aber auch in Krankheits- und Todesfällen wird nachbarschaftliche Verbundenheit praktisch gelebt beim gemeinsamen Gebet und der Begleitung auf dem letzten Weg. Das alljährliche Sommerfest hat bereits Tradition und die Gemeinschaft von Alt und Jung ist an diesem Tag besonders sichtbar. Mit einem Gottesdienst in der Matthäuskirche und anschließendem gemütlichen Beisammensein wird Anfang Januar 2004 der 50-jährige nachbarschaftliche Zusammenhalt gefeiert.</p>

<p>Aus den Familien Buer, Reck, Rickert, Schaefer, Schürholz und Winkelmann versammeln sich am 9. Januar 1954 interessierte Mitbürger zur Gründung der Nachbarschaft Eckern. Die Grundstücke der ersten Bauwilligen im Bereich</p>
<p><a href="https://heimatverein-wulfen.de/wp01/nachbarschaft-eckern/" class="more-link themebutton">Read More</a></p>
