{"id":2579,"date":"2017-01-17T00:26:16","date_gmt":"2017-01-16T23:26:16","guid":{"rendered":"https:\/\/heimatverein-wulfen.de\/wp01\/?page_id=2579"},"modified":"2021-02-02T11:59:37","modified_gmt":"2021-02-02T10:59:37","slug":"holtkamps-hof","status":"publish","type":"page","link":"https:\/\/heimatverein-wulfen.de\/wp01\/holtkamps-hof\/","title":{"rendered":"Holtkamps Hof"},"content":{"rendered":"\n<div class=\"wp-block-image\"><figure class=\"alignleft is-resized\"><a href=\"https:\/\/heimatverein-wulfen.de\/wp01\/wp-content\/uploads\/2017\/01\/Holtkamps_Hof_001-e1484610506383.jpg\" rel=\"lightbox[2579]\"><img loading=\"lazy\" decoding=\"async\" src=\"https:\/\/heimatverein-wulfen.de\/wp01\/wp-content\/uploads\/2017\/01\/Holtkamps_Hof_001-300x183.jpg\" alt=\"\" class=\"wp-image-2587\" width=\"300\" height=\"183\"\/><\/a><\/figure><\/div>\n\n\n\n<p class=\"has-medium-font-size\"><strong>1778<\/strong> Erstmalig urkundlich erw\u00e4hnt<\/p>\n\n\n\n<p class=\"has-medium-font-size\"><strong>1867<\/strong> Graf von Merveldt, P\u00e4chter Franz Kottendorf, sp\u00e4ter landwirtschaftlicher Betrieb des Franz Diericks<\/p>\n\n\n\n<p class=\"has-medium-font-size\"><strong>1967<\/strong> erwirbt die Gemeinde Wulfen vom Grafen von Merveldt den viele hundert Jahre alten \u201eHoltkamps Hof\u201c in der Dorfmitte.<\/p>\n\n\n\n<p class=\"has-medium-font-size\">Am 07.03.<strong>1967<\/strong> wird das Geb\u00e4ude abgerissen, um Platz f\u00fcr bessere Verkehrsverh\u00e4ltnisse und f\u00fcr eine Gr\u00fcnanlage zu erhalten.<\/p>\n\n\n\n<p class=\"has-medium-font-size\"><strong>2010<\/strong> Standort des Wulfener Wappenbaumes<\/p>\n\n\n\n<p class=\"has-medium-font-size\">Im Heimatkalender 1982 (Seite 100) ver\u00f6ffentlicht Hermann-Josef Schwingenheuer in einem Beitrag &#8222;Die Hauseigent\u00fcmer im Dorf Wulfen 1778-1867&#8220; folgendes Gedicht, eine in Versform zusammengefa\u00dfte Charakteristika der &#8222;D\u00f6rfler&#8220; die sich aus dem 19. Jahrhundert in m\u00fcndlicher \u00dcberlieferung erhalten hat:<\/p>\n\n\n\n<p class=\"has-medium-font-size\"><strong>Wulfener \u201eD\u00f6rfler\u201c<\/strong><\/p>\n\n\n\n<p class=\"has-medium-font-size\">\u201eDe Schmett, de schett,<br>De Hahn, de rett,<br>Sch\u00f6ler neilt bineene met.<br>Winkelmann is riek,<br>Dumbeck steiht op\u00b4n Kopp in\u00b4n Diek.<br>Peltz Melchert het de bux vull Schulden,<br>Reaol\u00b4s Ann\u00b4 dr\u00e4ggt met Geduld.<br>Holtkamps Buer de kick so suer<br>in dat d\u00fcstere Immenschuer.<br>Potthast Pott, Petten Nott,<br>Ick goah v\u00f6rop, segg Loffens Jopp,<br>Dat kaas me dohn, segg Onnebrinks Ohm.<br>Ick fang mi\u00b4n Schwien, segg Wibbelts Stien\u00b4.<br>Gertz Schmettken verdreiht Kettken,<br>Ick fang mi\u00b4n Haas, segg Gertz Bennards,<br>Du k\u00f6mmst in de H\u00f6ll, segg de M\u00f6ller van de M\u00f6ll.<br>Rickert funn\u00b4n Knickert,<br>Dat ist bich woahr, segg de Boar,<br>Schmiet\u00b4n an \u00b4n Post, segg de Drost,<br>Ick drop driet, segg de Vieth.\u201c<\/p>\n","protected":false},"excerpt":{"rendered":"<p>1778 Erstmalig urkundlich erw\u00e4hnt 1867 Graf von Merveldt, P\u00e4chter Franz Kottendorf, sp\u00e4ter landwirtschaftlicher Betrieb des Franz Diericks 1967 erwirbt die Gemeinde Wulfen vom Grafen von Merveldt den viele hundert Jahre<\/p>\n<p><a href=\"https:\/\/heimatverein-wulfen.de\/wp01\/holtkamps-hof\/\" class=\"more-link themebutton\">Read More<\/a><\/p>\n","protected":false},"author":6,"featured_media":0,"parent":0,"menu_order":0,"comment_status":"closed","ping_status":"closed","template":"","meta":{"_cbd_carousel_blocks":"[]","footnotes":""},"class_list":["post-2579","page","type-page","status-publish","hentry"],"publishpress_future_action":{"enabled":false,"date":"2026-05-05 14:16:05","action":"change-status","newStatus":"draft","terms":[],"taxonomy":"","extraData":[]},"publishpress_future_workflow_manual_trigger":{"enabledWorkflows":[]},"_links":{"self":[{"href":"https:\/\/heimatverein-wulfen.de\/wp01\/wp-json\/wp\/v2\/pages\/2579","targetHints":{"allow":["GET"]}}],"collection":[{"href":"https:\/\/heimatverein-wulfen.de\/wp01\/wp-json\/wp\/v2\/pages"}],"about":[{"href":"https:\/\/heimatverein-wulfen.de\/wp01\/wp-json\/wp\/v2\/types\/page"}],"author":[{"embeddable":true,"href":"https:\/\/heimatverein-wulfen.de\/wp01\/wp-json\/wp\/v2\/users\/6"}],"replies":[{"embeddable":true,"href":"https:\/\/heimatverein-wulfen.de\/wp01\/wp-json\/wp\/v2\/comments?post=2579"}],"version-history":[{"count":6,"href":"https:\/\/heimatverein-wulfen.de\/wp01\/wp-json\/wp\/v2\/pages\/2579\/revisions"}],"predecessor-version":[{"id":8089,"href":"https:\/\/heimatverein-wulfen.de\/wp01\/wp-json\/wp\/v2\/pages\/2579\/revisions\/8089"}],"wp:attachment":[{"href":"https:\/\/heimatverein-wulfen.de\/wp01\/wp-json\/wp\/v2\/media?parent=2579"}],"curies":[{"name":"wp","href":"https:\/\/api.w.org\/{rel}","templated":true}]}}

<div class="wp-block-image"><figure class="alignleft is-resized"><a href="https://heimatverein-wulfen.de/wp01/wp-content/uploads/2017/01/Holtkamps_Hof_001-e1484610506383.jpg" rel="lightbox[2579]"><img loading="lazy" decoding="async" src="https://heimatverein-wulfen.de/wp01/wp-content/uploads/2017/01/Holtkamps_Hof_001-300x183.jpg" alt="" class="wp-image-2587" width="300" height="183"/></a></figure></div>



<p class="has-medium-font-size"><strong>1778</strong> Erstmalig urkundlich erwähnt</p>



<p class="has-medium-font-size"><strong>1867</strong> Graf von Merveldt, Pächter Franz Kottendorf, später landwirtschaftlicher Betrieb des Franz Diericks</p>



<p class="has-medium-font-size"><strong>1967</strong> erwirbt die Gemeinde Wulfen vom Grafen von Merveldt den viele hundert Jahre alten „Holtkamps Hof“ in der Dorfmitte.</p>



<p class="has-medium-font-size">Am 07.03.<strong>1967</strong> wird das Gebäude abgerissen, um Platz für bessere Verkehrsverhältnisse und für eine Grünanlage zu erhalten.</p>



<p class="has-medium-font-size"><strong>2010</strong> Standort des Wulfener Wappenbaumes</p>



<p class="has-medium-font-size">Im Heimatkalender 1982 (Seite 100) veröffentlicht Hermann-Josef Schwingenheuer in einem Beitrag &#8222;Die Hauseigentümer im Dorf Wulfen 1778-1867&#8220; folgendes Gedicht, eine in Versform zusammengefaßte Charakteristika der &#8222;Dörfler&#8220; die sich aus dem 19. Jahrhundert in mündlicher Überlieferung erhalten hat:</p>



<p class="has-medium-font-size"><strong>Wulfener „Dörfler“</strong></p>



<p class="has-medium-font-size">„De Schmett, de schett,<br>De Hahn, de rett,<br>Schöler neilt bineene met.<br>Winkelmann is riek,<br>Dumbeck steiht op´n Kopp in´n Diek.<br>Peltz Melchert het de bux vull Schulden,<br>Reaol´s Ann´ dräggt met Geduld.<br>Holtkamps Buer de kick so suer<br>in dat düstere Immenschuer.<br>Potthast Pott, Petten Nott,<br>Ick goah vörop, segg Loffens Jopp,<br>Dat kaas me dohn, segg Onnebrinks Ohm.<br>Ick fang mi´n Schwien, segg Wibbelts Stien´.<br>Gertz Schmettken verdreiht Kettken,<br>Ick fang mi´n Haas, segg Gertz Bennards,<br>Du kömmst in de Höll, segg de Möller van de Möll.<br>Rickert funn´n Knickert,<br>Dat ist bich woahr, segg de Boar,<br>Schmiet´n an ´n Post, segg de Drost,<br>Ick drop driet, segg de Vieth.“</p>

<p>1778 Erstmalig urkundlich erwähnt 1867 Graf von Merveldt, Pächter Franz Kottendorf, später landwirtschaftlicher Betrieb des Franz Diericks 1967 erwirbt die Gemeinde Wulfen vom Grafen von Merveldt den viele hundert Jahre</p>
<p><a href="https://heimatverein-wulfen.de/wp01/holtkamps-hof/" class="more-link themebutton">Read More</a></p>
