{"id":2591,"date":"2017-01-17T13:10:34","date_gmt":"2017-01-17T12:10:34","guid":{"rendered":"https:\/\/heimatverein-wulfen.de\/wp01\/?page_id=2591"},"modified":"2021-02-01T23:15:56","modified_gmt":"2021-02-01T22:15:56","slug":"kriegsgraeberstaette","status":"publish","type":"page","link":"https:\/\/heimatverein-wulfen.de\/wp01\/kriegsgraeberstaette\/","title":{"rendered":"Kriegsgr\u00e4berst\u00e4tte"},"content":{"rendered":"\n<div class=\"wp-block-image\"><figure class=\"alignleft is-resized\"><a href=\"https:\/\/heimatverein-wulfen.de\/wp01\/wp-content\/uploads\/2017\/01\/Kriegsgraeber_002-e1484655395546.jpg\" rel=\"lightbox[2591]\"><img loading=\"lazy\" decoding=\"async\" src=\"https:\/\/heimatverein-wulfen.de\/wp01\/wp-content\/uploads\/2017\/01\/Kriegsgraeber_002-300x216.jpg\" alt=\"\" class=\"wp-image-2593\" width=\"300\" height=\"216\"\/><\/a><\/figure><\/div>\n\n\n\n<p class=\"has-medium-font-size\">Der Volksbund Deutsche Kriegsgr\u00e4berf\u00fcrsorge (VdK) hat auf dem Friedhof der katholischen Kirchengemeinde ein Ehrenfeld f\u00fcr die Soldaten angelegt, die in der Umgebung Wulfens gefallen sind. Am 13. September 1953 wurde die Anlage mit einem feierlichen Festakt in die Obhut der Gemeinde \u00fcbergeben.<\/p>\n\n\n\n<h3 class=\"wp-block-heading\">Hier sind bestattet:<\/h3>\n\n\n\n<p class=\"has-medium-font-size\"><strong>ANNA WICHMANN<\/strong><br>25.12.1869 &#8211; 29.10.1944<\/p>\n\n\n\n<p class=\"has-medium-font-size\"><strong>PAUL SCHOLTYSEK<\/strong><br>01.04.1920 &#8211; 28.03.1945<\/p>\n\n\n\n<p class=\"has-medium-font-size\"><strong>WILLI THOMAS<\/strong><br>08.06.1898 &#8211; 28.03.1945<\/p>\n\n\n\n<p class=\"has-medium-font-size\"><strong>WILHELM PETERS<\/strong><br>11.11.1909 &#8211; 28.03.1945<\/p>\n\n\n\n<p class=\"has-medium-font-size\"><strong>MARTIN WALDAU<\/strong><br>29.07.1907 &#8211; 28.03.1945<\/p>\n\n\n\n<p class=\"has-medium-font-size\"><strong>HEDWIG DAMMANN<\/strong><br>12.12.1897 &#8211; 29.10.1944<\/p>\n\n\n\n<p class=\"has-medium-font-size\"><strong>RUDOLF BAUER<\/strong><br>12.09.1910 &#8211; 08.03.1945<\/p>\n\n\n\n<p class=\"has-medium-font-size\"><strong>LUDWIG KUHLMANN<\/strong><br>05.05.1911 &#8211; 28.03.1944<\/p>\n\n\n\n<p class=\"has-medium-font-size\"><strong>WERNER LINDHAUS<\/strong><br>24.10.1927 &#8211; 28.03.1945<\/p>\n\n\n\n<p class=\"has-medium-font-size\"><strong>ANDREAS PEETZ<\/strong><br>15.01.1912 &#8211; 28.03.1945<\/p>\n\n\n\n<p class=\"has-medium-font-size\"><strong>KARL SCHNEIDER<\/strong><br>05.01.1914 &#8211; 26.02.1945<\/p>\n\n\n\n<p class=\"has-medium-font-size\"><strong>GUSTAV DAMANN<\/strong><br>26.03.1890 &#8211; 29.10.1945<\/p>\n\n\n\n<p class=\"has-medium-font-size\"><strong>LAURENTIUS ANST\u00d6TER<\/strong><br>08.08.1913 &#8211; 28.03.1945<\/p>\n\n\n\n<p class=\"has-medium-font-size\"><strong>KARL HENSCHEL<\/strong><br>07.02.1903 &#8211; 22.03.1945<\/p>\n\n\n\n<p class=\"has-medium-font-size\"><strong>WILHELM SPRINGMANN<\/strong><br>07.06.1916 &#8211; 27.01.1945<\/p>\n\n\n\n<p class=\"has-medium-font-size\"><strong>ERNST HEYMANNS<\/strong><br>24.09.1901 &#8211; 22.02.1945<\/p>\n\n\n\n<p class=\"has-medium-font-size\"><strong>MATH\u00c4US MOHORKO<\/strong><br>16.09.1911 &#8211; 29.10.1944<\/p>\n\n\n\n<p class=\"has-medium-font-size\"><strong>UNBEKANNTER SOLDAT<\/strong><\/p>\n\n\n\n<p class=\"has-medium-font-size\"><strong>SYLVESTER BADER<\/strong><br>05.11.1902 &#8211; 28.03.1945<\/p>\n\n\n\n<p class=\"has-medium-font-size\"><strong>SEBASTIAN KIENDL<\/strong><br>07.08.1908 &#8211; 19.03.1945<\/p>\n\n\n\n<p class=\"has-medium-font-size\"><strong>HELMUT BRIESKE<\/strong><br>ohne Angabe &#8211; 18.02.1945<\/p>\n\n\n\n<p class=\"has-medium-font-size\"><strong>HEINRICH RICHTER<\/strong><br>26.03.1922 &#8211; 25.03.1945<\/p>\n\n\n\n<p class=\"has-medium-font-size\"><strong>FRANS TER HAAK<\/strong><br>1910 &#8211; 1944<\/p>\n\n\n\n<p class=\"has-medium-font-size\"><strong>ADAM KEHL<\/strong><br>27.02.1908 &#8211; 29.10.1944<\/p>\n\n\n\n<p class=\"has-medium-font-size\"><strong>WILHELM M\u00c4HLER<\/strong><br>10.11.1898 &#8211; 29.10.1945<\/p>\n\n\n\n<p class=\"has-medium-font-size\"><strong>FRANZ JOSEF RUIKES<\/strong><br>19.12.1922 &#8211; 29.10.1944<\/p>\n\n\n\n<p class=\"has-medium-font-size\"><strong>ALFRED SCHMIEDLING<\/strong><br>23.02.1919 &#8211; 28.02.1945<\/p>\n\n\n\n<p class=\"has-medium-font-size\"><strong>FRANZ SCHMOLL<\/strong><br>06.10.1913 &#8211; 29.03.1945<\/p>\n\n\n\n<p class=\"has-medium-font-size\"><strong>JOHANN GUDZINSKI<\/strong><br>14.10.1888 &#8211; 29.10.1944<\/p>\n\n\n\n<p class=\"has-medium-font-size\"><strong>HELMUT K\u00c4MPFER<\/strong><br>01.12.1909 &#8211; 22.02.1945<\/p>\n\n\n\n<p class=\"has-medium-font-size\"><strong>MICHAEL KAAG<\/strong><br>24.07.1898 &#8211; 29.10.1944<\/p>\n\n\n\n<p class=\"has-medium-font-size\"><strong>ADOLF KATZEK<\/strong><br>13.05.1922 &#8211; 21.09.1944<\/p>\n\n\n\n<p class=\"has-medium-font-size\"><strong>Zwei Grabsteine ohne Angaben<\/strong><\/p>\n","protected":false},"excerpt":{"rendered":"<p>Der Volksbund Deutsche Kriegsgr\u00e4berf\u00fcrsorge (VdK) hat auf dem Friedhof der katholischen Kirchengemeinde ein Ehrenfeld f\u00fcr die Soldaten angelegt, die in der Umgebung Wulfens gefallen sind. Am 13. September 1953 wurde<\/p>\n<p><a href=\"https:\/\/heimatverein-wulfen.de\/wp01\/kriegsgraeberstaette\/\" class=\"more-link themebutton\">Read More<\/a><\/p>\n","protected":false},"author":6,"featured_media":0,"parent":0,"menu_order":0,"comment_status":"closed","ping_status":"closed","template":"","meta":{"_cbd_carousel_blocks":"[]","footnotes":""},"class_list":["post-2591","page","type-page","status-publish","hentry"],"publishpress_future_action":{"enabled":false,"date":"2026-05-07 00:08:38","action":"change-status","newStatus":"draft","terms":[],"taxonomy":"","extraData":[]},"publishpress_future_workflow_manual_trigger":{"enabledWorkflows":[]},"_links":{"self":[{"href":"https:\/\/heimatverein-wulfen.de\/wp01\/wp-json\/wp\/v2\/pages\/2591","targetHints":{"allow":["GET"]}}],"collection":[{"href":"https:\/\/heimatverein-wulfen.de\/wp01\/wp-json\/wp\/v2\/pages"}],"about":[{"href":"https:\/\/heimatverein-wulfen.de\/wp01\/wp-json\/wp\/v2\/types\/page"}],"author":[{"embeddable":true,"href":"https:\/\/heimatverein-wulfen.de\/wp01\/wp-json\/wp\/v2\/users\/6"}],"replies":[{"embeddable":true,"href":"https:\/\/heimatverein-wulfen.de\/wp01\/wp-json\/wp\/v2\/comments?post=2591"}],"version-history":[{"count":7,"href":"https:\/\/heimatverein-wulfen.de\/wp01\/wp-json\/wp\/v2\/pages\/2591\/revisions"}],"predecessor-version":[{"id":8074,"href":"https:\/\/heimatverein-wulfen.de\/wp01\/wp-json\/wp\/v2\/pages\/2591\/revisions\/8074"}],"wp:attachment":[{"href":"https:\/\/heimatverein-wulfen.de\/wp01\/wp-json\/wp\/v2\/media?parent=2591"}],"curies":[{"name":"wp","href":"https:\/\/api.w.org\/{rel}","templated":true}]}}

Kriegsgräberstätte

<div class="wp-block-image"><figure class="alignleft is-resized"><a href="https://heimatverein-wulfen.de/wp01/wp-content/uploads/2017/01/Kriegsgraeber_002-e1484655395546.jpg" rel="lightbox[2591]"><img loading="lazy" decoding="async" src="https://heimatverein-wulfen.de/wp01/wp-content/uploads/2017/01/Kriegsgraeber_002-300x216.jpg" alt="" class="wp-image-2593" width="300" height="216"/></a></figure></div>



<p class="has-medium-font-size">Der Volksbund Deutsche Kriegsgräberfürsorge (VdK) hat auf dem Friedhof der katholischen Kirchengemeinde ein Ehrenfeld für die Soldaten angelegt, die in der Umgebung Wulfens gefallen sind. Am 13. September 1953 wurde die Anlage mit einem feierlichen Festakt in die Obhut der Gemeinde übergeben.</p>



<h3 class="wp-block-heading">Hier sind bestattet:</h3>



<p class="has-medium-font-size"><strong>ANNA WICHMANN</strong><br>25.12.1869 &#8211; 29.10.1944</p>



<p class="has-medium-font-size"><strong>PAUL SCHOLTYSEK</strong><br>01.04.1920 &#8211; 28.03.1945</p>



<p class="has-medium-font-size"><strong>WILLI THOMAS</strong><br>08.06.1898 &#8211; 28.03.1945</p>



<p class="has-medium-font-size"><strong>WILHELM PETERS</strong><br>11.11.1909 &#8211; 28.03.1945</p>



<p class="has-medium-font-size"><strong>MARTIN WALDAU</strong><br>29.07.1907 &#8211; 28.03.1945</p>



<p class="has-medium-font-size"><strong>HEDWIG DAMMANN</strong><br>12.12.1897 &#8211; 29.10.1944</p>



<p class="has-medium-font-size"><strong>RUDOLF BAUER</strong><br>12.09.1910 &#8211; 08.03.1945</p>



<p class="has-medium-font-size"><strong>LUDWIG KUHLMANN</strong><br>05.05.1911 &#8211; 28.03.1944</p>



<p class="has-medium-font-size"><strong>WERNER LINDHAUS</strong><br>24.10.1927 &#8211; 28.03.1945</p>



<p class="has-medium-font-size"><strong>ANDREAS PEETZ</strong><br>15.01.1912 &#8211; 28.03.1945</p>



<p class="has-medium-font-size"><strong>KARL SCHNEIDER</strong><br>05.01.1914 &#8211; 26.02.1945</p>



<p class="has-medium-font-size"><strong>GUSTAV DAMANN</strong><br>26.03.1890 &#8211; 29.10.1945</p>



<p class="has-medium-font-size"><strong>LAURENTIUS ANSTÖTER</strong><br>08.08.1913 &#8211; 28.03.1945</p>



<p class="has-medium-font-size"><strong>KARL HENSCHEL</strong><br>07.02.1903 &#8211; 22.03.1945</p>



<p class="has-medium-font-size"><strong>WILHELM SPRINGMANN</strong><br>07.06.1916 &#8211; 27.01.1945</p>



<p class="has-medium-font-size"><strong>ERNST HEYMANNS</strong><br>24.09.1901 &#8211; 22.02.1945</p>



<p class="has-medium-font-size"><strong>MATHÄUS MOHORKO</strong><br>16.09.1911 &#8211; 29.10.1944</p>



<p class="has-medium-font-size"><strong>UNBEKANNTER SOLDAT</strong></p>



<p class="has-medium-font-size"><strong>SYLVESTER BADER</strong><br>05.11.1902 &#8211; 28.03.1945</p>



<p class="has-medium-font-size"><strong>SEBASTIAN KIENDL</strong><br>07.08.1908 &#8211; 19.03.1945</p>



<p class="has-medium-font-size"><strong>HELMUT BRIESKE</strong><br>ohne Angabe &#8211; 18.02.1945</p>



<p class="has-medium-font-size"><strong>HEINRICH RICHTER</strong><br>26.03.1922 &#8211; 25.03.1945</p>



<p class="has-medium-font-size"><strong>FRANS TER HAAK</strong><br>1910 &#8211; 1944</p>



<p class="has-medium-font-size"><strong>ADAM KEHL</strong><br>27.02.1908 &#8211; 29.10.1944</p>



<p class="has-medium-font-size"><strong>WILHELM MÄHLER</strong><br>10.11.1898 &#8211; 29.10.1945</p>



<p class="has-medium-font-size"><strong>FRANZ JOSEF RUIKES</strong><br>19.12.1922 &#8211; 29.10.1944</p>



<p class="has-medium-font-size"><strong>ALFRED SCHMIEDLING</strong><br>23.02.1919 &#8211; 28.02.1945</p>



<p class="has-medium-font-size"><strong>FRANZ SCHMOLL</strong><br>06.10.1913 &#8211; 29.03.1945</p>



<p class="has-medium-font-size"><strong>JOHANN GUDZINSKI</strong><br>14.10.1888 &#8211; 29.10.1944</p>



<p class="has-medium-font-size"><strong>HELMUT KÄMPFER</strong><br>01.12.1909 &#8211; 22.02.1945</p>



<p class="has-medium-font-size"><strong>MICHAEL KAAG</strong><br>24.07.1898 &#8211; 29.10.1944</p>



<p class="has-medium-font-size"><strong>ADOLF KATZEK</strong><br>13.05.1922 &#8211; 21.09.1944</p>



<p class="has-medium-font-size"><strong>Zwei Grabsteine ohne Angaben</strong></p>

<p>Der Volksbund Deutsche Kriegsgräberfürsorge (VdK) hat auf dem Friedhof der katholischen Kirchengemeinde ein Ehrenfeld für die Soldaten angelegt, die in der Umgebung Wulfens gefallen sind. Am 13. September 1953 wurde</p>
<p><a href="https://heimatverein-wulfen.de/wp01/kriegsgraeberstaette/" class="more-link themebutton">Read More</a></p>
