{"id":3305,"date":"2017-03-04T01:38:58","date_gmt":"2017-03-04T00:38:58","guid":{"rendered":"https:\/\/heimatverein-wulfen.de\/wp01\/?page_id=3305"},"modified":"2026-03-14T22:08:28","modified_gmt":"2026-03-14T21:08:28","slug":"geschichtsgruppe","status":"publish","type":"page","link":"https:\/\/heimatverein-wulfen.de\/wp01\/geschichtsgruppe\/","title":{"rendered":"Geschichtsgruppe"},"content":{"rendered":"\n<p>Gruppensprecher: Max Sch\u00fcrmann<\/p>\n\n\n\n<p class=\"has-medium-font-size\"><strong>Treffen:<\/strong> 14-t\u00e4gig mittwochs um 19:00 Uhr im Heimathaus<\/p>\n\n\n<div class=\"wp-block-image is-resized\">\n<figure class=\"aligncenter size-large\"><a href=\"https:\/\/heimatverein-wulfen.de\/wp01\/wp-content\/uploads\/2025\/01\/Geschichtsgruppe-Heimatverein-Wulfen-Jan2025-FotoBludau-A-scaled.jpg\" rel=\"lightbox[3305]\"><img loading=\"lazy\" decoding=\"async\" width=\"1024\" height=\"681\" src=\"https:\/\/heimatverein-wulfen.de\/wp01\/wp-content\/uploads\/2025\/01\/Geschichtsgruppe-Heimatverein-Wulfen-Jan2025-FotoBludau-A-1024x681.jpg\" alt=\"\" class=\"wp-image-10931\" style=\"aspect-ratio:1.503692101141195;width:795px;height:auto\" srcset=\"https:\/\/heimatverein-wulfen.de\/wp01\/wp-content\/uploads\/2025\/01\/Geschichtsgruppe-Heimatverein-Wulfen-Jan2025-FotoBludau-A-1024x681.jpg 1024w, https:\/\/heimatverein-wulfen.de\/wp01\/wp-content\/uploads\/2025\/01\/Geschichtsgruppe-Heimatverein-Wulfen-Jan2025-FotoBludau-A-300x200.jpg 300w, https:\/\/heimatverein-wulfen.de\/wp01\/wp-content\/uploads\/2025\/01\/Geschichtsgruppe-Heimatverein-Wulfen-Jan2025-FotoBludau-A-768x511.jpg 768w, https:\/\/heimatverein-wulfen.de\/wp01\/wp-content\/uploads\/2025\/01\/Geschichtsgruppe-Heimatverein-Wulfen-Jan2025-FotoBludau-A-1536x1021.jpg 1536w, https:\/\/heimatverein-wulfen.de\/wp01\/wp-content\/uploads\/2025\/01\/Geschichtsgruppe-Heimatverein-Wulfen-Jan2025-FotoBludau-A-2048x1362.jpg 2048w, https:\/\/heimatverein-wulfen.de\/wp01\/wp-content\/uploads\/2025\/01\/Geschichtsgruppe-Heimatverein-Wulfen-Jan2025-FotoBludau-A-570x380.jpg 570w, https:\/\/heimatverein-wulfen.de\/wp01\/wp-content\/uploads\/2025\/01\/Geschichtsgruppe-Heimatverein-Wulfen-Jan2025-FotoBludau-A-380x254.jpg 380w, https:\/\/heimatverein-wulfen.de\/wp01\/wp-content\/uploads\/2025\/01\/Geschichtsgruppe-Heimatverein-Wulfen-Jan2025-FotoBludau-A-285x190.jpg 285w\" sizes=\"auto, (max-width: 1024px) 100vw, 1024px\" \/><\/a><figcaption class=\"wp-element-caption\">Mitglieder der Geschichtsgruppe (von links): Christian Gruber, Hans Lienemann, Reinhard Schwingenheuer, Horst Kohl, Robert H\u00fcttermann, Annemarie H\u00fcttermann, Bernd Feller, Klaus Ehm, Andreas Leistner, Ursel Wolf, Hans-J\u00fcrgen Schulz, Helmut Richter, Max Sch\u00fcrmann, Johannes B\u00f6sing. Es fehlt auf dem Foto Reiner Schulze-Tenberge.<\/figcaption><\/figure>\n<\/div>\n\n\n\n<div class=\"wp-block-image\">\n<figure class=\"aligncenter size-full is-resized\"><img loading=\"lazy\" decoding=\"async\" width=\"651\" height=\"914\" src=\"https:\/\/heimatverein-wulfen.de\/wp01\/wp-content\/uploads\/2026\/03\/Geschichtsgruppe-Selbatdarstellung-2026-ab-Maerz.jpg\" alt=\"\" class=\"wp-image-11534\" style=\"aspect-ratio:0.7122610866071734;width:840px;height:auto\" srcset=\"https:\/\/heimatverein-wulfen.de\/wp01\/wp-content\/uploads\/2026\/03\/Geschichtsgruppe-Selbatdarstellung-2026-ab-Maerz.jpg 651w, https:\/\/heimatverein-wulfen.de\/wp01\/wp-content\/uploads\/2026\/03\/Geschichtsgruppe-Selbatdarstellung-2026-ab-Maerz-214x300.jpg 214w\" sizes=\"auto, (max-width: 651px) 100vw, 651px\" \/><\/figure>\n<\/div>","protected":false},"excerpt":{"rendered":"<p>Gruppensprecher: Max Sch\u00fcrmann Treffen: 14-t\u00e4gig mittwochs um 19:00 Uhr im Heimathaus<\/p>\n","protected":false},"author":6,"featured_media":0,"parent":0,"menu_order":0,"comment_status":"closed","ping_status":"closed","template":"","meta":{"_cbd_carousel_blocks":"[]","footnotes":""},"class_list":["post-3305","page","type-page","status-publish","hentry"],"publishpress_future_action":{"enabled":false,"date":"2026-05-05 13:58:46","action":"change-status","newStatus":"draft","terms":[],"taxonomy":"","extraData":[]},"publishpress_future_workflow_manual_trigger":{"enabledWorkflows":[]},"_links":{"self":[{"href":"https:\/\/heimatverein-wulfen.de\/wp01\/wp-json\/wp\/v2\/pages\/3305","targetHints":{"allow":["GET"]}}],"collection":[{"href":"https:\/\/heimatverein-wulfen.de\/wp01\/wp-json\/wp\/v2\/pages"}],"about":[{"href":"https:\/\/heimatverein-wulfen.de\/wp01\/wp-json\/wp\/v2\/types\/page"}],"author":[{"embeddable":true,"href":"https:\/\/heimatverein-wulfen.de\/wp01\/wp-json\/wp\/v2\/users\/6"}],"replies":[{"embeddable":true,"href":"https:\/\/heimatverein-wulfen.de\/wp01\/wp-json\/wp\/v2\/comments?post=3305"}],"version-history":[{"count":35,"href":"https:\/\/heimatverein-wulfen.de\/wp01\/wp-json\/wp\/v2\/pages\/3305\/revisions"}],"predecessor-version":[{"id":11537,"href":"https:\/\/heimatverein-wulfen.de\/wp01\/wp-json\/wp\/v2\/pages\/3305\/revisions\/11537"}],"wp:attachment":[{"href":"https:\/\/heimatverein-wulfen.de\/wp01\/wp-json\/wp\/v2\/media?parent=3305"}],"curies":[{"name":"wp","href":"https:\/\/api.w.org\/{rel}","templated":true}]}}

<p>Gruppensprecher: Max Schürmann</p>



<p class="has-medium-font-size"><strong>Treffen:</strong> 14-tägig mittwochs um 19:00 Uhr im Heimathaus</p>


<div class="wp-block-image is-resized">
<figure class="aligncenter size-large"><a href="https://heimatverein-wulfen.de/wp01/wp-content/uploads/2025/01/Geschichtsgruppe-Heimatverein-Wulfen-Jan2025-FotoBludau-A-scaled.jpg" rel="lightbox[3305]"><img loading="lazy" decoding="async" width="1024" height="681" src="https://heimatverein-wulfen.de/wp01/wp-content/uploads/2025/01/Geschichtsgruppe-Heimatverein-Wulfen-Jan2025-FotoBludau-A-1024x681.jpg" alt="" class="wp-image-10931" style="aspect-ratio:1.503692101141195;width:795px;height:auto" srcset="https://heimatverein-wulfen.de/wp01/wp-content/uploads/2025/01/Geschichtsgruppe-Heimatverein-Wulfen-Jan2025-FotoBludau-A-1024x681.jpg 1024w, https://heimatverein-wulfen.de/wp01/wp-content/uploads/2025/01/Geschichtsgruppe-Heimatverein-Wulfen-Jan2025-FotoBludau-A-300x200.jpg 300w, https://heimatverein-wulfen.de/wp01/wp-content/uploads/2025/01/Geschichtsgruppe-Heimatverein-Wulfen-Jan2025-FotoBludau-A-768x511.jpg 768w, https://heimatverein-wulfen.de/wp01/wp-content/uploads/2025/01/Geschichtsgruppe-Heimatverein-Wulfen-Jan2025-FotoBludau-A-1536x1021.jpg 1536w, https://heimatverein-wulfen.de/wp01/wp-content/uploads/2025/01/Geschichtsgruppe-Heimatverein-Wulfen-Jan2025-FotoBludau-A-2048x1362.jpg 2048w, https://heimatverein-wulfen.de/wp01/wp-content/uploads/2025/01/Geschichtsgruppe-Heimatverein-Wulfen-Jan2025-FotoBludau-A-570x380.jpg 570w, https://heimatverein-wulfen.de/wp01/wp-content/uploads/2025/01/Geschichtsgruppe-Heimatverein-Wulfen-Jan2025-FotoBludau-A-380x254.jpg 380w, https://heimatverein-wulfen.de/wp01/wp-content/uploads/2025/01/Geschichtsgruppe-Heimatverein-Wulfen-Jan2025-FotoBludau-A-285x190.jpg 285w" sizes="auto, (max-width: 1024px) 100vw, 1024px" /></a><figcaption class="wp-element-caption">Mitglieder der Geschichtsgruppe (von links): Christian Gruber, Hans Lienemann, Reinhard Schwingenheuer, Horst Kohl, Robert Hüttermann, Annemarie Hüttermann, Bernd Feller, Klaus Ehm, Andreas Leistner, Ursel Wolf, Hans-Jürgen Schulz, Helmut Richter, Max Schürmann, Johannes Bösing. Es fehlt auf dem Foto Reiner Schulze-Tenberge.</figcaption></figure>
</div>



<div class="wp-block-image">
<figure class="aligncenter size-full is-resized"><img loading="lazy" decoding="async" width="651" height="914" src="https://heimatverein-wulfen.de/wp01/wp-content/uploads/2026/03/Geschichtsgruppe-Selbatdarstellung-2026-ab-Maerz.jpg" alt="" class="wp-image-11534" style="aspect-ratio:0.7122610866071734;width:840px;height:auto" srcset="https://heimatverein-wulfen.de/wp01/wp-content/uploads/2026/03/Geschichtsgruppe-Selbatdarstellung-2026-ab-Maerz.jpg 651w, https://heimatverein-wulfen.de/wp01/wp-content/uploads/2026/03/Geschichtsgruppe-Selbatdarstellung-2026-ab-Maerz-214x300.jpg 214w" sizes="auto, (max-width: 651px) 100vw, 651px" /></figure>
</div>

<p>Gruppensprecher: Max Schürmann Treffen: 14-tägig mittwochs um 19:00 Uhr im Heimathaus</p>
