{"id":3374,"date":"2017-03-08T00:00:46","date_gmt":"2017-03-07T23:00:46","guid":{"rendered":"https:\/\/heimatverein-wulfen.de\/wp01\/?page_id=3374"},"modified":"2025-01-05T21:34:33","modified_gmt":"2025-01-05T20:34:33","slug":"kinner-un-junge-lueued-2","status":"publish","type":"page","link":"https:\/\/heimatverein-wulfen.de\/wp01\/kinner-un-junge-lueued-2\/","title":{"rendered":"Junge L\u00fc\u00fcd"},"content":{"rendered":"\n<figure class=\"wp-block-embed is-type-wp-embed is-provider-heimatverein wp-block-embed-heimatverein\"><div class=\"wp-block-embed__wrapper\">\n<blockquote class=\"wp-embedded-content\" data-secret=\"K6GjfV2Zkd\"><a href=\"https:\/\/heimatverein-wulfen.de\/wp01\/2025\/01\/05\/kinder-kickerturnier-am-15-02-2025\/\">Kinder Kickerturnier am 15.02.2025<\/a><\/blockquote><iframe loading=\"lazy\" class=\"wp-embedded-content\" sandbox=\"allow-scripts\" security=\"restricted\" style=\"position: absolute; visibility: hidden;\" title=\"&#8222;Kinder Kickerturnier am 15.02.2025&#8220; &#8212; Heimatverein\" src=\"https:\/\/heimatverein-wulfen.de\/wp01\/2025\/01\/05\/kinder-kickerturnier-am-15-02-2025\/embed\/#?secret=rm97uJDycC#?secret=K6GjfV2Zkd\" data-secret=\"K6GjfV2Zkd\" width=\"600\" height=\"338\" frameborder=\"0\" marginwidth=\"0\" marginheight=\"0\" scrolling=\"no\"><\/iframe>\n<\/div><\/figure>\n\n\n\n<p><strong>Aktivit\u00e4ten f\u00fcr Kinder und Jugendliche<\/strong><\/p>\n\n\n\n<p>Schwerpunktm\u00e4\u00dfige Aktivit\u00e4ten im Kinder- und Jugendbereich waren bzw. sind folgende Projekte:<\/p>\n\n\n\n<p>\u2013 Nistk\u00e4stenbau mit Kindern und Jugendlichen im September 2019<\/p>\n\n\n\n<p>\u2013 Kickerturniere f\u00fcr Kinder und Jugendliche in den Jahren 2012, 2013, 2014, 2015, 2016, 2017 und 2019<\/p>\n\n\n\n<p>\u2013 Januar bis April 2017 Vorbereitung und Durchf\u00fchrung eines Sch\u00fclerwettbewerbs<br><strong>\u201eDie Hochzeit meiner Gro\u00dfeltern\u201c<br><\/strong><br>\u2013 Januar bis April 2016 Vorbereitung und Durchf\u00fchrung eines Sch\u00fclerwettbewerbs<br><strong>\u201eKennst Du Wulfen III?\u201c<br><\/strong><br>\u2013 Ausstellung&nbsp;<strong>\u201eFlachs und Leinen in Grimms M\u00e4rchen\u201c<\/strong>. Diese Ausstellung wurde von der Flachsgruppe, der Seilerei und der Geschichtsgruppe gemeinsam vorbereitet. Mit freundlicher Unterst\u00fctzung durch das Spielzeugmuseum Rhede der Eheleute Gutersohn.<br>Anla\u00df: 11. Wulfener Flachsmarkt am 21. September 2014<\/p>\n\n\n\n<p>\u2013 Januar bis April 2013 Vorbereitung und Durchf\u00fchrung eines Sch\u00fclerwettbewerbs<br><strong>\u201eKennst Du Wulfen II?\u201c<\/strong><\/p>\n\n\n\n<p>\u2013 Ausstellung&nbsp;<strong>\u201eGlanzbilder und alte Poesiealben\u201c<\/strong>. Glanzbilder und alte Poesiealben aus Wulfener Familien.<br>Mit freundlicher Unterst\u00fctzung durch das Spielzeugmuseum Rhede der Eheleute Gutersohn.<br>Anla\u00df: 10. Wulfener Flachsmarkt am 16. September 2012<\/p>\n\n\n\n<p>\u2013 Januar bis April 2011 Vorbereitung und Durchf\u00fchrung eines Sch\u00fclerwettbewerbs<br><strong>\u201eOmas und Opas erster motorisierter Untersatz\u201c<\/strong><\/p>\n\n\n\n<p>\u2013 Ausstellung&nbsp;<strong>\u201eAltes Spielzeug\u201c<\/strong>, Exponate und Fotoaufnahmen alten Spielzeugs aus Wulfener Familien (TSZ Royal Wulfen).<br>Anla\u00df: 9. Wulfener Flachsmarkt am 19. September 2010<\/p>\n\n\n\n<p>\u2013 Januar bis April 2010 Vorbereitung und Durchf\u00fchrung eines Sch\u00fclerwettbewerbs<br><strong>\u201eKennst Du Wulfen I?\u201c<\/strong><\/p>\n\n\n\n<p>\u2013 Januar bis April 2009 Vorbereitung und Durchf\u00fchrung eines Sch\u00fclerwettbewerbs<br><strong>\u201eAltes Zeugnis\u201c<\/strong><\/p>\n","protected":false},"excerpt":{"rendered":"<p>Aktivit\u00e4ten f\u00fcr Kinder und Jugendliche Schwerpunktm\u00e4\u00dfige Aktivit\u00e4ten im Kinder- und Jugendbereich waren bzw. sind folgende Projekte: \u2013 Nistk\u00e4stenbau mit Kindern und Jugendlichen im September 2019 \u2013 Kickerturniere f\u00fcr Kinder und<\/p>\n<p><a href=\"https:\/\/heimatverein-wulfen.de\/wp01\/kinner-un-junge-lueued-2\/\" class=\"more-link themebutton\">Read More<\/a><\/p>\n","protected":false},"author":6,"featured_media":0,"parent":0,"menu_order":0,"comment_status":"closed","ping_status":"closed","template":"","meta":{"_cbd_carousel_blocks":"[]","footnotes":""},"class_list":["post-3374","page","type-page","status-publish","hentry"],"publishpress_future_action":{"enabled":false,"date":"2026-05-06 11:24:04","action":"change-status","newStatus":"draft","terms":[],"taxonomy":"","extraData":[]},"publishpress_future_workflow_manual_trigger":{"enabledWorkflows":[]},"_links":{"self":[{"href":"https:\/\/heimatverein-wulfen.de\/wp01\/wp-json\/wp\/v2\/pages\/3374","targetHints":{"allow":["GET"]}}],"collection":[{"href":"https:\/\/heimatverein-wulfen.de\/wp01\/wp-json\/wp\/v2\/pages"}],"about":[{"href":"https:\/\/heimatverein-wulfen.de\/wp01\/wp-json\/wp\/v2\/types\/page"}],"author":[{"embeddable":true,"href":"https:\/\/heimatverein-wulfen.de\/wp01\/wp-json\/wp\/v2\/users\/6"}],"replies":[{"embeddable":true,"href":"https:\/\/heimatverein-wulfen.de\/wp01\/wp-json\/wp\/v2\/comments?post=3374"}],"version-history":[{"count":7,"href":"https:\/\/heimatverein-wulfen.de\/wp01\/wp-json\/wp\/v2\/pages\/3374\/revisions"}],"predecessor-version":[{"id":10930,"href":"https:\/\/heimatverein-wulfen.de\/wp01\/wp-json\/wp\/v2\/pages\/3374\/revisions\/10930"}],"wp:attachment":[{"href":"https:\/\/heimatverein-wulfen.de\/wp01\/wp-json\/wp\/v2\/media?parent=3374"}],"curies":[{"name":"wp","href":"https:\/\/api.w.org\/{rel}","templated":true}]}}