{"id":6233,"date":"2019-02-20T00:28:28","date_gmt":"2019-02-19T23:28:28","guid":{"rendered":"https:\/\/heimatverein-wulfen.de\/wp01\/?page_id=6233"},"modified":"2022-11-17T00:04:04","modified_gmt":"2022-11-16T23:04:04","slug":"aktuelles-aus-der-schmiedegruppe-2","status":"publish","type":"page","link":"https:\/\/heimatverein-wulfen.de\/wp01\/schmiedegruppe\/aktuelles-aus-der-schmiedegruppe-2\/","title":{"rendered":"Aktuelles aus der Schmiedegruppe"},"content":{"rendered":"\n<figure class=\"wp-block-image\"><img loading=\"lazy\" decoding=\"async\" width=\"1024\" height=\"498\" src=\"https:\/\/heimatverein-wulfen.de\/wp01\/wp-content\/uploads\/2019\/06\/20190221_1908591-1024x498.jpg\" alt=\"\" class=\"wp-image-6626\" srcset=\"https:\/\/heimatverein-wulfen.de\/wp01\/wp-content\/uploads\/2019\/06\/20190221_1908591-1024x498.jpg 1024w, https:\/\/heimatverein-wulfen.de\/wp01\/wp-content\/uploads\/2019\/06\/20190221_1908591-300x146.jpg 300w, https:\/\/heimatverein-wulfen.de\/wp01\/wp-content\/uploads\/2019\/06\/20190221_1908591-768x373.jpg 768w, https:\/\/heimatverein-wulfen.de\/wp01\/wp-content\/uploads\/2019\/06\/20190221_1908591-440x214.jpg 440w\" sizes=\"auto, (max-width: 1024px) 100vw, 1024px\" \/><figcaption>Nachfolgend gibt es hier eine kleine Linksammlung zu Artikeln und Beitr\u00e4gen der Schmiedegruppe:<\/figcaption><\/figure>\n\n\n\n<p><a href=\"https:\/\/heimatverein-wulfen.de\/wp01\/2019\/12\/20\/schmieden-beim-adventszauber\/?preview=true\">02.12.2019 &#8211; Schmieden beim Adventszauber<\/a><\/p>\n\n\n\n<p><a href=\"https:\/\/heimatverein-wulfen.de\/wp01\/2019\/08\/12\/messer-aus-historischem-raffinierstahl\/\">12.08.2019 &#8211; Messer aus historischem Raffinierstahl<\/a><\/p>\n\n\n\n<p><a href=\"https:\/\/heimatverein-wulfen.de\/wp01\/2019\/07\/18\/mitmach-schmiede-am-tag-der-offenen-tuer-21-07-19\/\">18.07.2019 &#8211; Mitmach-Schmiede am Tag der offenen T\u00fcr<\/a><\/p>\n\n\n\n<p><a href=\"https:\/\/heimatverein-wulfen.de\/wp01\/2019\/06\/24\/messer-und-tuerbeschlaege\/\">24.06.2019 &#8211; T\u00fcrbeschl\u00e4ge und ein K\u00fcchenmesser<\/a><\/p>\n\n\n\n<p><a href=\"https:\/\/heimatverein-wulfen.de\/wp01\/2019\/06\/03\/erste-werke-aus-der-schmiede\/\">04.06.2019 &#8211; Artikel \u00fcber erste Werkst\u00fccke aus der Schmiedegruppe<\/a><\/p>\n\n\n\n<p><a href=\"https:\/\/heimatverein-wulfen.de\/wp01\/2019\/02\/15\/schmiedegruppe-in-bild-zeitung\/\">15.02.2019 &#8211; Die Bild &#8211; Zeitung war zu Besuch bei der Schmiedegruppe<\/a><\/p>\n\n\n\n<p><a href=\"https:\/\/heimatverein-wulfen.de\/wp01\/2014\/01\/21\/schmiedegruppe-bereichert-angebot-des-heimatvereins-ein-verein-fuer-vereine-heimatpflege-denkmalschutz-und-foerderung-der-brauchtumspflege\/\">21.01.2014  &#8211; Gr\u00fcndungsidee zur Schmiedegruppe vorgestellt<\/a><\/p>\n","protected":false},"excerpt":{"rendered":"<p>02.12.2019 &#8211; Schmieden beim Adventszauber 12.08.2019 &#8211; Messer aus historischem Raffinierstahl 18.07.2019 &#8211; Mitmach-Schmiede am Tag der offenen T\u00fcr 24.06.2019 &#8211; T\u00fcrbeschl\u00e4ge und ein K\u00fcchenmesser 04.06.2019 &#8211; Artikel \u00fcber erste<\/p>\n<p><a href=\"https:\/\/heimatverein-wulfen.de\/wp01\/schmiedegruppe\/aktuelles-aus-der-schmiedegruppe-2\/\" class=\"more-link themebutton\">Read More<\/a><\/p>\n","protected":false},"author":6,"featured_media":0,"parent":6225,"menu_order":0,"comment_status":"closed","ping_status":"closed","template":"","meta":{"_cbd_carousel_blocks":"[]","footnotes":""},"class_list":["post-6233","page","type-page","status-publish","hentry"],"publishpress_future_action":{"enabled":false,"date":"2026-05-08 16:30:06","action":"change-status","newStatus":"draft","terms":[],"taxonomy":"","extraData":[]},"publishpress_future_workflow_manual_trigger":{"enabledWorkflows":[]},"_links":{"self":[{"href":"https:\/\/heimatverein-wulfen.de\/wp01\/wp-json\/wp\/v2\/pages\/6233","targetHints":{"allow":["GET"]}}],"collection":[{"href":"https:\/\/heimatverein-wulfen.de\/wp01\/wp-json\/wp\/v2\/pages"}],"about":[{"href":"https:\/\/heimatverein-wulfen.de\/wp01\/wp-json\/wp\/v2\/types\/page"}],"author":[{"embeddable":true,"href":"https:\/\/heimatverein-wulfen.de\/wp01\/wp-json\/wp\/v2\/users\/6"}],"replies":[{"embeddable":true,"href":"https:\/\/heimatverein-wulfen.de\/wp01\/wp-json\/wp\/v2\/comments?post=6233"}],"version-history":[{"count":9,"href":"https:\/\/heimatverein-wulfen.de\/wp01\/wp-json\/wp\/v2\/pages\/6233\/revisions"}],"predecessor-version":[{"id":8743,"href":"https:\/\/heimatverein-wulfen.de\/wp01\/wp-json\/wp\/v2\/pages\/6233\/revisions\/8743"}],"up":[{"embeddable":true,"href":"https:\/\/heimatverein-wulfen.de\/wp01\/wp-json\/wp\/v2\/pages\/6225"}],"wp:attachment":[{"href":"https:\/\/heimatverein-wulfen.de\/wp01\/wp-json\/wp\/v2\/media?parent=6233"}],"curies":[{"name":"wp","href":"https:\/\/api.w.org\/{rel}","templated":true}]}}

<figure class="wp-block-image"><img loading="lazy" decoding="async" width="1024" height="498" src="https://heimatverein-wulfen.de/wp01/wp-content/uploads/2019/06/20190221_1908591-1024x498.jpg" alt="" class="wp-image-6626" srcset="https://heimatverein-wulfen.de/wp01/wp-content/uploads/2019/06/20190221_1908591-1024x498.jpg 1024w, https://heimatverein-wulfen.de/wp01/wp-content/uploads/2019/06/20190221_1908591-300x146.jpg 300w, https://heimatverein-wulfen.de/wp01/wp-content/uploads/2019/06/20190221_1908591-768x373.jpg 768w, https://heimatverein-wulfen.de/wp01/wp-content/uploads/2019/06/20190221_1908591-440x214.jpg 440w" sizes="auto, (max-width: 1024px) 100vw, 1024px" /><figcaption>Nachfolgend gibt es hier eine kleine Linksammlung zu Artikeln und Beiträgen der Schmiedegruppe:</figcaption></figure>



<p><a href="https://heimatverein-wulfen.de/wp01/2019/12/20/schmieden-beim-adventszauber/?preview=true">02.12.2019 &#8211; Schmieden beim Adventszauber</a></p>



<p><a href="https://heimatverein-wulfen.de/wp01/2019/08/12/messer-aus-historischem-raffinierstahl/">12.08.2019 &#8211; Messer aus historischem Raffinierstahl</a></p>



<p><a href="https://heimatverein-wulfen.de/wp01/2019/07/18/mitmach-schmiede-am-tag-der-offenen-tuer-21-07-19/">18.07.2019 &#8211; Mitmach-Schmiede am Tag der offenen Tür</a></p>



<p><a href="https://heimatverein-wulfen.de/wp01/2019/06/24/messer-und-tuerbeschlaege/">24.06.2019 &#8211; Türbeschläge und ein Küchenmesser</a></p>



<p><a href="https://heimatverein-wulfen.de/wp01/2019/06/03/erste-werke-aus-der-schmiede/">04.06.2019 &#8211; Artikel über erste Werkstücke aus der Schmiedegruppe</a></p>



<p><a href="https://heimatverein-wulfen.de/wp01/2019/02/15/schmiedegruppe-in-bild-zeitung/">15.02.2019 &#8211; Die Bild &#8211; Zeitung war zu Besuch bei der Schmiedegruppe</a></p>



<p><a href="https://heimatverein-wulfen.de/wp01/2014/01/21/schmiedegruppe-bereichert-angebot-des-heimatvereins-ein-verein-fuer-vereine-heimatpflege-denkmalschutz-und-foerderung-der-brauchtumspflege/">21.01.2014  &#8211; Gründungsidee zur Schmiedegruppe vorgestellt</a></p>

<p>02.12.2019 &#8211; Schmieden beim Adventszauber 12.08.2019 &#8211; Messer aus historischem Raffinierstahl 18.07.2019 &#8211; Mitmach-Schmiede am Tag der offenen Tür 24.06.2019 &#8211; Türbeschläge und ein Küchenmesser 04.06.2019 &#8211; Artikel über erste</p>
<p><a href="https://heimatverein-wulfen.de/wp01/schmiedegruppe/aktuelles-aus-der-schmiedegruppe-2/" class="more-link themebutton">Read More</a></p>
