{"id":6972,"date":"2019-09-16T12:02:17","date_gmt":"2019-09-16T10:02:17","guid":{"rendered":"https:\/\/heimatverein-wulfen.de\/wp01\/?page_id=6972"},"modified":"2021-02-01T22:54:59","modified_gmt":"2021-02-01T21:54:59","slug":"stolpersteine-wulfen","status":"publish","type":"page","link":"https:\/\/heimatverein-wulfen.de\/wp01\/stolpersteine-wulfen\/","title":{"rendered":"Stolpersteine Wulfen"},"content":{"rendered":"\n<h3 class=\"wp-block-heading\">Die Geschichte der Familie Lebenstein in Wulfen<\/h3>\n\n\n\n<div class=\"wp-block-image\"><figure class=\"alignleft is-resized\"><a href=\"https:\/\/heimatverein-wulfen.de\/wp01\/wp-content\/uploads\/2019\/09\/Stolpersteine_Wulfen_02.jpg\" rel=\"lightbox[6972]\"><img loading=\"lazy\" decoding=\"async\" src=\"https:\/\/heimatverein-wulfen.de\/wp01\/wp-content\/uploads\/2019\/09\/Stolpersteine_Wulfen_02.jpg\" alt=\"\" class=\"wp-image-6973\" width=\"274\" height=\"413\" srcset=\"https:\/\/heimatverein-wulfen.de\/wp01\/wp-content\/uploads\/2019\/09\/Stolpersteine_Wulfen_02.jpg 365w, https:\/\/heimatverein-wulfen.de\/wp01\/wp-content\/uploads\/2019\/09\/Stolpersteine_Wulfen_02-199x300.jpg 199w\" sizes=\"auto, (max-width: 274px) 100vw, 274px\" \/><\/a><\/figure><\/div>\n\n\n\n<p class=\"has-medium-font-size\">Die\n j\u00fcdische Familie Lebenstein war eine angesehene und in das Dorfleben \nfest integrierte Wulfener Familie. Im Jahre 1894 kaufte Alexander \nLebenstein, geb\u00fcrtig aus Lembeck, dieses Haus auf dem Kirchplatz. \nAlexander Lebenstein war verheiratet mit Amalie Lebenstein geb. \nKirschweil. Aus dieser Ehe gingen 4 Kinder hervor: Josef, Hermann, \nJohanna und Marcus.<\/p>\n\n\n\n<p class=\"has-medium-font-size\">Der \u00e4lteste Sohn Josef \u00fcbernahm dieses Haus \nund den Beruf des Vaters. Er war Viehh\u00e4ndler, er kaufte und verkaufte \nVieh im ganzen Westm\u00fcnsterland bis hin zur holl\u00e4ndischen Grenze.<\/p>\n\n\n\n<p class=\"has-medium-font-size\">Josef\n und sein Bruder Hermann waren Soldaten im 1. Weltkrieg. Als j\u00fcdische \nMitb\u00fcrger zogen sie in den Krieg und k\u00e4mpften f\u00fcr Deutschland. Hermann \nist am 25.Sept. 1915 gefallen. Sein Name steht auf der Gedenktafel am \nWulfener Ehrenmal f\u00fcr die gefallenen Soldaten.<\/p>\n\n\n\n<p class=\"has-medium-font-size\">Josef Lebenstein \nwar verheiratet mit Paula Friedmann. Das Ehepaar bekam 2 Kinder. Im Juli\n 1923 wurde die Tochter Herta geboren, im September 1928 Sohn G\u00fcnter.<\/p>\n\n\n\n<p class=\"has-medium-font-size\">Josef\n Lebenstein war Mitglied im Allgemeinen B\u00fcrgersch\u00fctzenverein in Wulfen \nund sogar im Vorstand des Vereins. Auch in der Freiwilligen Feuerwehr \nwar Josef Lebenstein aktives Mitglied. \u00dcber 20 Jahre, von 1913 bis 1933,\n war er der Schriftf\u00fchrer der Wulfener Feuerwehr. Nach der \nnationalsozialistischen Machtergreifung musste er sein Amt abgeben.<\/p>\n\n\n\n<p class=\"has-medium-font-size\">Paula\n Lebenstein versorgte den Haushalt, zu dem neben Ehemann und den Kindern\n auch Josefs Eltern, Alexander und Amalie geh\u00f6rten. Der Gro\u00dfvater starb \nim Jahr 1934, die Gro\u00dfmutter 1936. Beide sind auf dem Wulfener \nJudenfriedhof \u201eAuf der Koppel\u201c beigesetzt.<\/p>\n\n\n\n<p class=\"has-medium-font-size\">Die Kinder Herta und \nG\u00fcnter besuchten die Wulfener St. Matth\u00e4us-Volksschule. Herta ging 1936 \nzum Ursulinen-Gymnasium nach Dorsten. Die heute noch lebenden Mitsch\u00fcler\n und Mitsch\u00fclerinnen berichten, dass G\u00fcnter ein guter und beliebter \nMitsch\u00fcler gewesen ist. In den Ferien musste G\u00fcnter oft seinem Vater \nhelfen. Die Viehtransporte im M\u00fcnsterland wurden zu Fu\u00df erledigt und des\n Nachts wurden die K\u00fche hier im Hinterhof einquartiert.<\/p>\n\n\n\n<p class=\"has-medium-font-size\">Abends \nsa\u00dfen die Dorfnachbarn oft zusammen und tranken ein Schn\u00e4psken. \nUnmittelbar links und rechts von diesem Haus standen bis zur \nBombardierung im M\u00e4rz 1945 weitere H\u00e4user. Die Kinder spielten des \nAbends zusammen und alle Dorfkinder waren bei den Lebensteins stets \nwillkommen.<\/p>\n\n\n\n<p class=\"has-medium-font-size\">Mit Beginn der NS-Herrschaft ab 1933 lebten die \nLebensteins zur\u00fcckgezogener und \u00e4ngstlicher. Einen radikalen Einschnitt \nin das Familienleben brachte der 9.November 1938. Am 14. November 1938 \nwurde G\u00fcnter der weitere Schulbesuch verboten.<\/p>\n\n\n\n<p class=\"has-medium-font-size\">Einen radikalen \nEinschnitt in das Familienleben brachte der 9.November 1938. Am 14. \nNovember 1938 wurde G\u00fcnter der weitere Schulbesuch verboten.<\/p>\n\n\n\n<p class=\"has-medium-font-size\">Nach \nder Reichspogromnacht wurden die Lebensteins aufgefordert, Deutschland \nkurzfristig zu verlassen. Das Haus wurde verkauft und am 22. Dezember \n1938 emigrierte die Familie nach Amsterdam. Dorthin war schon 1936 die \nSchwester von Josef, Johanna Lebenstein, emigriert und arbeitete dort \nals Haush\u00e4lterin. Die Familie Lebenstein wohnte am Waterlooplein 21 und \nw\u00e4hnte sich dort in Sicherheit. In Amsterdam heiratete die Tochter Herta\n Werner M\u00fcnzer.<\/p>\n\n\n\n<p class=\"has-medium-font-size\">Mit dem deutschen \u00dcberfall und die Besetzung der \nNiederlande befand sich die Familie Lebenstein seit Mai 1940 wieder \nunter der deutschen Gewaltherrschaft. Am 9. Juli 1943 wurde die Familie \nLebenstein in das Lager Westerbork in Nordholland gebracht. Westerbork \nwar das zentrale Internierungs- und Sammellager f\u00fcr alle Juden in den \nNiederlanden. Hier wohnte die Familie in der Baracke Nr. 62.&nbsp; Im Lager \ngebar Herta am 3. Dezember 1943 ein Kind, den Sohn Peter M\u00fcnzer.<\/p>\n\n\n\n<p class=\"has-medium-font-size\">Am\n 14. September 1943 wurde die Familie von Westerbork nach Theresienstadt\n in der besetzten Tschechoslowakei deportiert. 1 Jahr waren die \nLebensteins im KZ Theresienstadt inhaftiert. Herta Lebenstein-M\u00fcnzer, \nihr Mann und das Kind wurden am 8. Oktober 1944 in das Vernichtungslager\n Auschwitz gebracht. Schon bei der Ankunft in Auschwitz wurde Herta \nLebenstein-M\u00fcnzer und ihr erst 10 Monate alter Sohn Peter in die \nGaskammer geschickt. Hertas Mann, Werner M\u00fcnzer, \u00fcberlebte das Lager und\n wanderte 1947 nach S\u00fcdamerika aus. Von seinem weiteren Lebensweg ist \nnichts bekannt.<\/p>\n\n\n\n<p class=\"has-medium-font-size\">Josef Lebenstein und seine Frau Paula wurden am 28\n Oktober 1944 mit einem Transport von Theresienstadt nach Auschwitz \ndeportiert. Dort wurden beide am Tage der Ankunft, am 30 Oktober 1944, \ndurch Gas ermordet.<\/p>\n\n\n\n<p class=\"has-medium-font-size\">G\u00fcnter Lebenstein wurde am 28. September 1944 \nvon Theresienstadt nach Auschwitz deportiert. Sein Schicksal dort ist \nunbekannt. Weil er nicht zur\u00fcckgekommen ist, muss davon ausgegangen \nwerden, dass er zwischen Oktober 1944 und Februar 1945 ums Leben \ngekommen ist.<\/p>\n\n\n\n<p class=\"has-medium-font-size\">Josef Lebenstein wurde 58 Jahre alt. Paula \nLebenstein wurde genau 50 Jahre alt. Herta Lebenstein wurde 21 Jahre \nalt. G\u00fcnter Lebenstein wurde nur 16 Jahre alt. Der Sohn von Herta, der \nkleine Peter M\u00fcnzer, wurde nur 10 Monate alt. <br>Wir wollen Ihrer gedenken !<\/p>\n","protected":false},"excerpt":{"rendered":"<p>Die Geschichte der Familie Lebenstein in Wulfen Die j\u00fcdische Familie Lebenstein war eine angesehene und in das Dorfleben fest integrierte Wulfener Familie. Im Jahre 1894 kaufte Alexander Lebenstein, geb\u00fcrtig aus<\/p>\n<p><a href=\"https:\/\/heimatverein-wulfen.de\/wp01\/stolpersteine-wulfen\/\" class=\"more-link themebutton\">Read More<\/a><\/p>\n","protected":false},"author":6,"featured_media":0,"parent":0,"menu_order":0,"comment_status":"closed","ping_status":"closed","template":"","meta":{"_cbd_carousel_blocks":"[]","footnotes":""},"class_list":["post-6972","page","type-page","status-publish","hentry"],"publishpress_future_action":{"enabled":false,"date":"2026-05-05 14:07:56","action":"change-status","newStatus":"draft","terms":[],"taxonomy":"","extraData":[]},"publishpress_future_workflow_manual_trigger":{"enabledWorkflows":[]},"_links":{"self":[{"href":"https:\/\/heimatverein-wulfen.de\/wp01\/wp-json\/wp\/v2\/pages\/6972","targetHints":{"allow":["GET"]}}],"collection":[{"href":"https:\/\/heimatverein-wulfen.de\/wp01\/wp-json\/wp\/v2\/pages"}],"about":[{"href":"https:\/\/heimatverein-wulfen.de\/wp01\/wp-json\/wp\/v2\/types\/page"}],"author":[{"embeddable":true,"href":"https:\/\/heimatverein-wulfen.de\/wp01\/wp-json\/wp\/v2\/users\/6"}],"replies":[{"embeddable":true,"href":"https:\/\/heimatverein-wulfen.de\/wp01\/wp-json\/wp\/v2\/comments?post=6972"}],"version-history":[{"count":5,"href":"https:\/\/heimatverein-wulfen.de\/wp01\/wp-json\/wp\/v2\/pages\/6972\/revisions"}],"predecessor-version":[{"id":8066,"href":"https:\/\/heimatverein-wulfen.de\/wp01\/wp-json\/wp\/v2\/pages\/6972\/revisions\/8066"}],"wp:attachment":[{"href":"https:\/\/heimatverein-wulfen.de\/wp01\/wp-json\/wp\/v2\/media?parent=6972"}],"curies":[{"name":"wp","href":"https:\/\/api.w.org\/{rel}","templated":true}]}}

<h3 class="wp-block-heading">Die Geschichte der Familie Lebenstein in Wulfen</h3>



<div class="wp-block-image"><figure class="alignleft is-resized"><a href="https://heimatverein-wulfen.de/wp01/wp-content/uploads/2019/09/Stolpersteine_Wulfen_02.jpg" rel="lightbox[6972]"><img loading="lazy" decoding="async" src="https://heimatverein-wulfen.de/wp01/wp-content/uploads/2019/09/Stolpersteine_Wulfen_02.jpg" alt="" class="wp-image-6973" width="274" height="413" srcset="https://heimatverein-wulfen.de/wp01/wp-content/uploads/2019/09/Stolpersteine_Wulfen_02.jpg 365w, https://heimatverein-wulfen.de/wp01/wp-content/uploads/2019/09/Stolpersteine_Wulfen_02-199x300.jpg 199w" sizes="auto, (max-width: 274px) 100vw, 274px" /></a></figure></div>



<p class="has-medium-font-size">Die
 jüdische Familie Lebenstein war eine angesehene und in das Dorfleben 
fest integrierte Wulfener Familie. Im Jahre 1894 kaufte Alexander 
Lebenstein, gebürtig aus Lembeck, dieses Haus auf dem Kirchplatz. 
Alexander Lebenstein war verheiratet mit Amalie Lebenstein geb. 
Kirschweil. Aus dieser Ehe gingen 4 Kinder hervor: Josef, Hermann, 
Johanna und Marcus.</p>



<p class="has-medium-font-size">Der älteste Sohn Josef übernahm dieses Haus 
und den Beruf des Vaters. Er war Viehhändler, er kaufte und verkaufte 
Vieh im ganzen Westmünsterland bis hin zur holländischen Grenze.</p>



<p class="has-medium-font-size">Josef
 und sein Bruder Hermann waren Soldaten im 1. Weltkrieg. Als jüdische 
Mitbürger zogen sie in den Krieg und kämpften für Deutschland. Hermann 
ist am 25.Sept. 1915 gefallen. Sein Name steht auf der Gedenktafel am 
Wulfener Ehrenmal für die gefallenen Soldaten.</p>



<p class="has-medium-font-size">Josef Lebenstein 
war verheiratet mit Paula Friedmann. Das Ehepaar bekam 2 Kinder. Im Juli
 1923 wurde die Tochter Herta geboren, im September 1928 Sohn Günter.</p>



<p class="has-medium-font-size">Josef
 Lebenstein war Mitglied im Allgemeinen Bürgerschützenverein in Wulfen 
und sogar im Vorstand des Vereins. Auch in der Freiwilligen Feuerwehr 
war Josef Lebenstein aktives Mitglied. Über 20 Jahre, von 1913 bis 1933,
 war er der Schriftführer der Wulfener Feuerwehr. Nach der 
nationalsozialistischen Machtergreifung musste er sein Amt abgeben.</p>



<p class="has-medium-font-size">Paula
 Lebenstein versorgte den Haushalt, zu dem neben Ehemann und den Kindern
 auch Josefs Eltern, Alexander und Amalie gehörten. Der Großvater starb 
im Jahr 1934, die Großmutter 1936. Beide sind auf dem Wulfener 
Judenfriedhof „Auf der Koppel“ beigesetzt.</p>



<p class="has-medium-font-size">Die Kinder Herta und 
Günter besuchten die Wulfener St. Matthäus-Volksschule. Herta ging 1936 
zum Ursulinen-Gymnasium nach Dorsten. Die heute noch lebenden Mitschüler
 und Mitschülerinnen berichten, dass Günter ein guter und beliebter 
Mitschüler gewesen ist. In den Ferien musste Günter oft seinem Vater 
helfen. Die Viehtransporte im Münsterland wurden zu Fuß erledigt und des
 Nachts wurden die Kühe hier im Hinterhof einquartiert.</p>



<p class="has-medium-font-size">Abends 
saßen die Dorfnachbarn oft zusammen und tranken ein Schnäpsken. 
Unmittelbar links und rechts von diesem Haus standen bis zur 
Bombardierung im März 1945 weitere Häuser. Die Kinder spielten des 
Abends zusammen und alle Dorfkinder waren bei den Lebensteins stets 
willkommen.</p>



<p class="has-medium-font-size">Mit Beginn der NS-Herrschaft ab 1933 lebten die 
Lebensteins zurückgezogener und ängstlicher. Einen radikalen Einschnitt 
in das Familienleben brachte der 9.November 1938. Am 14. November 1938 
wurde Günter der weitere Schulbesuch verboten.</p>



<p class="has-medium-font-size">Einen radikalen 
Einschnitt in das Familienleben brachte der 9.November 1938. Am 14. 
November 1938 wurde Günter der weitere Schulbesuch verboten.</p>



<p class="has-medium-font-size">Nach 
der Reichspogromnacht wurden die Lebensteins aufgefordert, Deutschland 
kurzfristig zu verlassen. Das Haus wurde verkauft und am 22. Dezember 
1938 emigrierte die Familie nach Amsterdam. Dorthin war schon 1936 die 
Schwester von Josef, Johanna Lebenstein, emigriert und arbeitete dort 
als Haushälterin. Die Familie Lebenstein wohnte am Waterlooplein 21 und 
wähnte sich dort in Sicherheit. In Amsterdam heiratete die Tochter Herta
 Werner Münzer.</p>



<p class="has-medium-font-size">Mit dem deutschen Überfall und die Besetzung der 
Niederlande befand sich die Familie Lebenstein seit Mai 1940 wieder 
unter der deutschen Gewaltherrschaft. Am 9. Juli 1943 wurde die Familie 
Lebenstein in das Lager Westerbork in Nordholland gebracht. Westerbork 
war das zentrale Internierungs- und Sammellager für alle Juden in den 
Niederlanden. Hier wohnte die Familie in der Baracke Nr. 62.&nbsp; Im Lager 
gebar Herta am 3. Dezember 1943 ein Kind, den Sohn Peter Münzer.</p>



<p class="has-medium-font-size">Am
 14. September 1943 wurde die Familie von Westerbork nach Theresienstadt
 in der besetzten Tschechoslowakei deportiert. 1 Jahr waren die 
Lebensteins im KZ Theresienstadt inhaftiert. Herta Lebenstein-Münzer, 
ihr Mann und das Kind wurden am 8. Oktober 1944 in das Vernichtungslager
 Auschwitz gebracht. Schon bei der Ankunft in Auschwitz wurde Herta 
Lebenstein-Münzer und ihr erst 10 Monate alter Sohn Peter in die 
Gaskammer geschickt. Hertas Mann, Werner Münzer, überlebte das Lager und
 wanderte 1947 nach Südamerika aus. Von seinem weiteren Lebensweg ist 
nichts bekannt.</p>



<p class="has-medium-font-size">Josef Lebenstein und seine Frau Paula wurden am 28
 Oktober 1944 mit einem Transport von Theresienstadt nach Auschwitz 
deportiert. Dort wurden beide am Tage der Ankunft, am 30 Oktober 1944, 
durch Gas ermordet.</p>



<p class="has-medium-font-size">Günter Lebenstein wurde am 28. September 1944 
von Theresienstadt nach Auschwitz deportiert. Sein Schicksal dort ist 
unbekannt. Weil er nicht zurückgekommen ist, muss davon ausgegangen 
werden, dass er zwischen Oktober 1944 und Februar 1945 ums Leben 
gekommen ist.</p>



<p class="has-medium-font-size">Josef Lebenstein wurde 58 Jahre alt. Paula 
Lebenstein wurde genau 50 Jahre alt. Herta Lebenstein wurde 21 Jahre 
alt. Günter Lebenstein wurde nur 16 Jahre alt. Der Sohn von Herta, der 
kleine Peter Münzer, wurde nur 10 Monate alt. <br>Wir wollen Ihrer gedenken !</p>

<p>Die Geschichte der Familie Lebenstein in Wulfen Die jüdische Familie Lebenstein war eine angesehene und in das Dorfleben fest integrierte Wulfener Familie. Im Jahre 1894 kaufte Alexander Lebenstein, gebürtig aus</p>
<p><a href="https://heimatverein-wulfen.de/wp01/stolpersteine-wulfen/" class="more-link themebutton">Read More</a></p>
