{"id":76,"date":"2016-04-05T17:15:28","date_gmt":"2016-04-05T15:15:28","guid":{"rendered":"http:\/\/192.168.2.231\/wp01\/?page_id=76"},"modified":"2023-05-09T00:29:26","modified_gmt":"2023-05-08T22:29:26","slug":"singgruppe","status":"publish","type":"page","link":"https:\/\/heimatverein-wulfen.de\/wp01\/gruppen\/singgruppe\/","title":{"rendered":"Singgruppe"},"content":{"rendered":"<div class=\"wp-block-image\">\n<figure class=\"alignleft\"><a href=\"https:\/\/heimatverein-wulfen.de\/wp01\/wp-content\/uploads\/2016\/04\/Singgruppe-e1482919353490.jpg\" rel=\"lightbox[76]\"><img loading=\"lazy\" decoding=\"async\" width=\"608\" height=\"435\" src=\"https:\/\/heimatverein-wulfen.de\/wp01\/wp-content\/uploads\/2016\/04\/Singgruppe-e1482919353490.jpg\" alt=\"singgruppe\" class=\"wp-image-2235\"\/><\/a><\/figure>\n<\/div>\n\n\n<p class=\"has-medium-font-size\"><strong>Treffen:<\/strong> jeden 2. Donnerstag im Monat um 16:00 Uhr im Heimathaus<br><strong>Gruppensprecherin:<br><\/strong>Renate Dern, Tel.: 02369\/ 200844<\/p>\n\n\n\n<p><\/p>\n\n\n\n<p><\/p>\n\n\n\n<p><\/p>\n\n\n<div class=\"wp-block-image\">\n<figure class=\"alignleft\"><img loading=\"lazy\" decoding=\"async\" width=\"128\" height=\"279\" src=\"https:\/\/heimatverein-wulfen.de\/wp01\/wp-content\/uploads\/2016\/04\/Sing_005-e1482919510749.jpg\" alt=\"sing_005\" class=\"wp-image-2237\"\/><\/figure>\n<\/div>\n\n\n<p class=\"has-medium-font-size\">Nach Neugr\u00fcndung des Heimatverein Wulfen 192<\/p>\n\n\n\n<p><\/p>\n\n\n\n<p class=\"has-medium-font-size\">2 e.V. im Jahre 1984 etablierte sich auch eine Singgruppe im Heimatverein welche sich dem Singen alter Volkslieder widmet.&nbsp;<br>Der Verein m\u00f6chte das noch vorhandene alte Liedgut bewahren und an die nachfolgenden Generationen weitergeben. Das Liedgut umfa\u00dft ein- und zweistimmige Lieder oder Kanons, die die unterschiedlichen Jahreszeiten und volkst\u00fcmlichen Ereignisse, sowohl in hochdeutscher wie in plattdeutscher Sprache, besingen. Chorgesang verbindet die Menschen und ist eine der volkst\u00fcmlichsten Darstellungen von gemeinsamer Freude aber auch Trauer.<\/p>\n\n\n\n<p class=\"has-medium-font-size\">Alle, die Freude am Singen haben, sind zu den Singabenden herzlich eingeladen, die 14t\u00e4gig donnerstags um 20:00 Uhr im Heimathaus, Rh\u00f6nweg 11, beginnen.<br>Eine besondere Vorbildung oder Notenkenntnisse sind nicht erforderlich.<\/p>\n\n\n\n<p><span style=\"border-radius: 2px; text-indent: 20px; width: auto; padding: 0px 4px 0px 0px; text-align: center; font: bold 11px\/20px 'Helvetica Neue',Helvetica,sans-serif; color: #ffffff; background: #bd081c no-repeat scroll 3px 50% \/ 14px 14px; position: absolute; opacity: 1; z-index: 8675309; display: none; cursor: pointer; top: 519px; left: 20px;\">Merken<\/span><\/p>\n","protected":false},"excerpt":{"rendered":"<p>Treffen: jeden 2. Donnerstag im Monat um 16:00 Uhr im HeimathausGruppensprecherin:Renate Dern, Tel.: 02369\/ 200844 Nach Neugr\u00fcndung des Heimatverein Wulfen 192 2 e.V. im Jahre 1984 etablierte sich auch eine<\/p>\n<p><a href=\"https:\/\/heimatverein-wulfen.de\/wp01\/gruppen\/singgruppe\/\" class=\"more-link themebutton\">Read More<\/a><\/p>\n","protected":false},"author":4,"featured_media":0,"parent":60,"menu_order":0,"comment_status":"closed","ping_status":"closed","template":"","meta":{"_cbd_carousel_blocks":"[]","footnotes":""},"class_list":["post-76","page","type-page","status-publish","hentry"],"publishpress_future_action":{"enabled":false,"date":"2026-05-05 14:06:48","action":"change-status","newStatus":"draft","terms":[],"taxonomy":"","extraData":[]},"publishpress_future_workflow_manual_trigger":{"enabledWorkflows":[]},"_links":{"self":[{"href":"https:\/\/heimatverein-wulfen.de\/wp01\/wp-json\/wp\/v2\/pages\/76","targetHints":{"allow":["GET"]}}],"collection":[{"href":"https:\/\/heimatverein-wulfen.de\/wp01\/wp-json\/wp\/v2\/pages"}],"about":[{"href":"https:\/\/heimatverein-wulfen.de\/wp01\/wp-json\/wp\/v2\/types\/page"}],"author":[{"embeddable":true,"href":"https:\/\/heimatverein-wulfen.de\/wp01\/wp-json\/wp\/v2\/users\/4"}],"replies":[{"embeddable":true,"href":"https:\/\/heimatverein-wulfen.de\/wp01\/wp-json\/wp\/v2\/comments?post=76"}],"version-history":[{"count":17,"href":"https:\/\/heimatverein-wulfen.de\/wp01\/wp-json\/wp\/v2\/pages\/76\/revisions"}],"predecessor-version":[{"id":10237,"href":"https:\/\/heimatverein-wulfen.de\/wp01\/wp-json\/wp\/v2\/pages\/76\/revisions\/10237"}],"up":[{"embeddable":true,"href":"https:\/\/heimatverein-wulfen.de\/wp01\/wp-json\/wp\/v2\/pages\/60"}],"wp:attachment":[{"href":"https:\/\/heimatverein-wulfen.de\/wp01\/wp-json\/wp\/v2\/media?parent=76"}],"curies":[{"name":"wp","href":"https:\/\/api.w.org\/{rel}","templated":true}]}}